{"id":10840,"date":"2022-03-14T14:06:30","date_gmt":"2022-03-14T13:06:30","guid":{"rendered":"http:\/\/www.psychologies.be\/com\/?post_type=adresse&#038;p=10840"},"modified":"2022-04-05T13:35:27","modified_gmt":"2022-04-05T11:35:27","slug":"et-si-la-meditation-etait-la-solution-pour-nos-ados","status":"publish","type":"adresse","link":"https:\/\/www.psychologies.be\/fr\/adresse\/et-si-la-meditation-etait-la-solution-pour-nos-ados\/","title":{"rendered":"Et si la m\u00e9ditation \u00e9tait la solution ?"},"content":{"rendered":"","protected":false},"author":5,"featured_media":10854,"template":"","meta":{"_acf_changed":false,"footnotes":""},"class_list":["post-10840","adresse","type-adresse","status-publish","has-post-thumbnail","hentry","Categorie-centres-de-bien-etre","Categorie-mediation","Categorie-yoga-et-meditation"],"acf":{"coeur":false,"random":true,"description":"<div>Mathieu Br\u00e9g\u00e9g\u00e8re, enseignant de m\u00e9ditation et formateur d\u2019\u00e9ducateurs sp\u00e9cialis\u00e9s, est aujourd\u2019hui reconnu comme l\u2019expert fran\u00e7ais de la m\u00e9ditation pour les adolescents. Il sera \u00e0 Bruxelles pour 2 \u00e9v\u00e9nements exceptionnels les 2 et 3 avril \u00e0 l&#8217;Ecole de m\u00e9ditation, l&#8217;\u00e9cole fond\u00e9e par Fabrice Midal:<\/div>\n<div><\/div>\n<div>Une conf\u00e9rence autour de la m\u00e9ditation pour accompagner les adolescent-e-s, sous le titre: &#8220;Des solutions concr\u00e8tes pour aider nos ados&#8221;.\u00a0Comment la m\u00e9ditation peut-elle r\u00e9pondre aux angoisses des ados qui ne sont plus des enfants, mais pas encore des adultes ? De quelle fa\u00e7on peut-elle aider \u00e0 s\u2019accepter dans cette p\u00e9riode de changement ? Comment peut-elle leur permettre de surmonter les difficult\u00e9s propres \u00e0 notre \u00e9poque ? Des questions auxquelles Mathieu Br\u00e9g\u00e9g\u00e8re r\u00e9pondra tant par le r\u00e9cit engag\u00e9 de ces exp\u00e9riences que par des pistes concr\u00e8tes de pratiques tir\u00e9es de son parcours d\u2019\u00e9ducateur de rue, d\u2019enseignant de m\u00e9ditation et de formateur d\u2019\u00e9ducateurs et \u00e9ducatrices sp\u00e9cialis\u00e9\u00b7e\u00b7s.<\/div>\n<div><\/div>\n<div>Une journ\u00e9e de pratique de la m\u00e9ditation ouverte \u00e0 tou-te-s, intitul\u00e9e &#8220;Apprivoiser nos \u00e9motions en douceur&#8221; et articul\u00e9e autour des questions suivantes:\u00a0<span lang=\"FR-BE\">Comment faire de nos \u00e9motions des alli\u00e9es\u00a0? Comment ne pas se laisser submerger par elles\u00a0? Comment ne plus en avoir peur\u00a0? Comment les transformer en forces\u00a0? D\u00e9butant-e-s bienvenu-e-s.<\/span><\/div>\n<div><\/div>\n<div>Infos pratiques : Et si la m\u00e9ditation \u00e9tait la solution ? \u2013 Conf\u00e9rence et Journ\u00e9e de pratique les 2 et 3 avril \u00e0 L\u2019Usine \u00e0 Uccle. R\u00e9servation en ligne sur\u00a0<a href=\"http:\/\/www.ecolemeditation.com\/bruxelles\" target=\"_blank\" rel=\"noopener\" data-saferedirecturl=\"https:\/\/www.google.com\/url?q=http:\/\/www.ecolemeditation.com\/bruxelles&amp;source=gmail&amp;ust=1647953231868000&amp;usg=AOvVaw1MXzgvVhPDvHKmTFz8Vipv\">www.ecolemeditation.com\/<wbr \/>bruxelles<\/a><\/div>\n","intro":"R\u00e9pondre aux besoins et aux d\u00e9sirs des jeunes.  Infos pratiques\u00a0: Et si la m\u00e9ditation \u00e9tait la solution ? - Conf\u00e9rence & Journ\u00e9e de pratique les 2 et 3 avril \u00e0 L\u2019Usine \u00e0 Uccle.","nom_societe":"L'Ecole de Meditation","adresse":"40 rue du Doyenn\u00e9 - 1180 Uccle","site":"https:\/\/www.ecolemeditation.com\/bruxelles","lien_facebook":"","telephone":"","email":"bruxelles@ecolemeditation.com","number_impressions":""},"_yoast_wpseo_metadesc":null,"_yoast_wpseo_title":null,"yoast_head":"<!-- This site is optimized with the Yoast SEO plugin v27.3 - https:\/\/yoast.com\/product\/yoast-seo-wordpress\/ -->\n<title>Et si la m\u00e9ditation \u00e9tait la solution ? | Psychologies Belgique<\/title>\n<meta name=\"robots\" content=\"noindex, follow\" \/>\n<meta property=\"og:locale\" content=\"fr_FR\" \/>\n<meta property=\"og:type\" content=\"article\" \/>\n<meta property=\"og:title\" content=\"Et si la m\u00e9ditation \u00e9tait la solution ? | Psychologies Belgique\" \/>\n<meta property=\"og:url\" content=\"https:\/\/www.psychologies.be\/fr\/adresse\/et-si-la-meditation-etait-la-solution-pour-nos-ados\/\" \/>\n<meta property=\"og:site_name\" content=\"Psychologies Belgique\" \/>\n<meta property=\"article:publisher\" content=\"https:\/\/www.facebook.com\/Psychologies\" \/>\n<meta property=\"article:modified_time\" content=\"2022-04-05T11:35:27+00:00\" \/>\n<meta property=\"og:image\" content=\"https:\/\/www.psychologies.be\/fr\/wp-content\/uploads\/2012\/03\/psycho_cover-10.jpg\" \/>\n\t<meta property=\"og:image:width\" content=\"690\" \/>\n\t<meta property=\"og:image:height\" content=\"362\" \/>\n\t<meta property=\"og:image:type\" content=\"image\/jpeg\" \/>\n<meta name=\"twitter:card\" content=\"summary_large_image\" \/>\n<script type=\"application\/ld+json\" class=\"yoast-schema-graph\">{\"@context\":\"https:\\\/\\\/schema.org\",\"@graph\":[{\"@type\":\"WebPage\",\"@id\":\"https:\\\/\\\/www.psychologies.be\\\/fr\\\/adresse\\\/et-si-la-meditation-etait-la-solution-pour-nos-ados\\\/\",\"url\":\"https:\\\/\\\/www.psychologies.be\\\/fr\\\/adresse\\\/et-si-la-meditation-etait-la-solution-pour-nos-ados\\\/\",\"name\":\"Et si la m\u00e9ditation \u00e9tait la solution ? | Psychologies Belgique\",\"isPartOf\":{\"@id\":\"https:\\\/\\\/www.psychologies.be\\\/fr\\\/#website\"},\"primaryImageOfPage\":{\"@id\":\"https:\\\/\\\/www.psychologies.be\\\/fr\\\/adresse\\\/et-si-la-meditation-etait-la-solution-pour-nos-ados\\\/#primaryimage\"},\"image\":{\"@id\":\"https:\\\/\\\/www.psychologies.be\\\/fr\\\/adresse\\\/et-si-la-meditation-etait-la-solution-pour-nos-ados\\\/#primaryimage\"},\"thumbnailUrl\":\"https:\\\/\\\/www.psychologies.be\\\/fr\\\/wp-content\\\/uploads\\\/2012\\\/03\\\/psycho_cover-10.jpg\",\"datePublished\":\"2022-03-14T13:06:30+00:00\",\"dateModified\":\"2022-04-05T11:35:27+00:00\",\"breadcrumb\":{\"@id\":\"https:\\\/\\\/www.psychologies.be\\\/fr\\\/adresse\\\/et-si-la-meditation-etait-la-solution-pour-nos-ados\\\/#breadcrumb\"},\"inLanguage\":\"fr-FR\",\"potentialAction\":[{\"@type\":\"ReadAction\",\"target\":[\"https:\\\/\\\/www.psychologies.be\\\/fr\\\/adresse\\\/et-si-la-meditation-etait-la-solution-pour-nos-ados\\\/\"]}]},{\"@type\":\"ImageObject\",\"inLanguage\":\"fr-FR\",\"@id\":\"https:\\\/\\\/www.psychologies.be\\\/fr\\\/adresse\\\/et-si-la-meditation-etait-la-solution-pour-nos-ados\\\/#primaryimage\",\"url\":\"https:\\\/\\\/www.psychologies.be\\\/fr\\\/wp-content\\\/uploads\\\/2012\\\/03\\\/psycho_cover-10.jpg\",\"contentUrl\":\"https:\\\/\\\/www.psychologies.be\\\/fr\\\/wp-content\\\/uploads\\\/2012\\\/03\\\/psycho_cover-10.jpg\",\"width\":690,\"height\":362},{\"@type\":\"BreadcrumbList\",\"@id\":\"https:\\\/\\\/www.psychologies.be\\\/fr\\\/adresse\\\/et-si-la-meditation-etait-la-solution-pour-nos-ados\\\/#breadcrumb\",\"itemListElement\":[{\"@type\":\"ListItem\",\"position\":1,\"name\":\"Home\",\"item\":\"https:\\\/\\\/www.psychologies.be\\\/fr\\\/\"},{\"@type\":\"ListItem\",\"position\":2,\"name\":\"Adresses\",\"item\":\"https:\\\/\\\/www.psychologies.be\\\/fr\\\/adresse\\\/\"},{\"@type\":\"ListItem\",\"position\":3,\"name\":\"Et si la m\u00e9ditation \u00e9tait la solution ?\"}]},{\"@type\":\"WebSite\",\"@id\":\"https:\\\/\\\/www.psychologies.be\\\/fr\\\/#website\",\"url\":\"https:\\\/\\\/www.psychologies.be\\\/fr\\\/\",\"name\":\"Psychologies Belgique\",\"description\":\"Psychologie, mieux se conna\u00eetre pour mieux vivre sa vie\",\"publisher\":{\"@id\":\"https:\\\/\\\/www.psychologies.be\\\/fr\\\/#organization\"},\"potentialAction\":[{\"@type\":\"SearchAction\",\"target\":{\"@type\":\"EntryPoint\",\"urlTemplate\":\"https:\\\/\\\/www.psychologies.be\\\/fr\\\/?s={search_term_string}\"},\"query-input\":{\"@type\":\"PropertyValueSpecification\",\"valueRequired\":true,\"valueName\":\"search_term_string\"}}],\"inLanguage\":\"fr-FR\"},{\"@type\":\"Organization\",\"@id\":\"https:\\\/\\\/www.psychologies.be\\\/fr\\\/#organization\",\"name\":\"Psychologies Belgique\",\"url\":\"https:\\\/\\\/www.psychologies.be\\\/fr\\\/\",\"logo\":{\"@type\":\"ImageObject\",\"inLanguage\":\"fr-FR\",\"@id\":\"https:\\\/\\\/www.psychologies.be\\\/fr\\\/#\\\/schema\\\/logo\\\/image\\\/\",\"url\":\"https:\\\/\\\/www.psychologies.be\\\/fr\\\/wp-content\\\/uploads\\\/2025\\\/03\\\/psychologies-be.png\",\"contentUrl\":\"https:\\\/\\\/www.psychologies.be\\\/fr\\\/wp-content\\\/uploads\\\/2025\\\/03\\\/psychologies-be.png\",\"width\":696,\"height\":696,\"caption\":\"Psychologies Belgique\"},\"image\":{\"@id\":\"https:\\\/\\\/www.psychologies.be\\\/fr\\\/#\\\/schema\\\/logo\\\/image\\\/\"},\"sameAs\":[\"https:\\\/\\\/www.facebook.com\\\/Psychologies\"]}]}<\/script>\n<!-- \/ Yoast SEO plugin. -->","yoast_head_json":{"title":"Et si la m\u00e9ditation \u00e9tait la solution ? | Psychologies Belgique","robots":{"index":"noindex","follow":"follow"},"og_locale":"fr_FR","og_type":"article","og_title":"Et si la m\u00e9ditation \u00e9tait la solution ? | Psychologies Belgique","og_url":"https:\/\/www.psychologies.be\/fr\/adresse\/et-si-la-meditation-etait-la-solution-pour-nos-ados\/","og_site_name":"Psychologies Belgique","article_publisher":"https:\/\/www.facebook.com\/Psychologies","article_modified_time":"2022-04-05T11:35:27+00:00","og_image":[{"width":690,"height":362,"url":"https:\/\/www.psychologies.be\/fr\/wp-content\/uploads\/2012\/03\/psycho_cover-10.jpg","type":"image\/jpeg"}],"twitter_card":"summary_large_image","schema":{"@context":"https:\/\/schema.org","@graph":[{"@type":"WebPage","@id":"https:\/\/www.psychologies.be\/fr\/adresse\/et-si-la-meditation-etait-la-solution-pour-nos-ados\/","url":"https:\/\/www.psychologies.be\/fr\/adresse\/et-si-la-meditation-etait-la-solution-pour-nos-ados\/","name":"Et si la m\u00e9ditation \u00e9tait la solution ? | Psychologies Belgique","isPartOf":{"@id":"https:\/\/www.psychologies.be\/fr\/#website"},"primaryImageOfPage":{"@id":"https:\/\/www.psychologies.be\/fr\/adresse\/et-si-la-meditation-etait-la-solution-pour-nos-ados\/#primaryimage"},"image":{"@id":"https:\/\/www.psychologies.be\/fr\/adresse\/et-si-la-meditation-etait-la-solution-pour-nos-ados\/#primaryimage"},"thumbnailUrl":"https:\/\/www.psychologies.be\/fr\/wp-content\/uploads\/2012\/03\/psycho_cover-10.jpg","datePublished":"2022-03-14T13:06:30+00:00","dateModified":"2022-04-05T11:35:27+00:00","breadcrumb":{"@id":"https:\/\/www.psychologies.be\/fr\/adresse\/et-si-la-meditation-etait-la-solution-pour-nos-ados\/#breadcrumb"},"inLanguage":"fr-FR","potentialAction":[{"@type":"ReadAction","target":["https:\/\/www.psychologies.be\/fr\/adresse\/et-si-la-meditation-etait-la-solution-pour-nos-ados\/"]}]},{"@type":"ImageObject","inLanguage":"fr-FR","@id":"https:\/\/www.psychologies.be\/fr\/adresse\/et-si-la-meditation-etait-la-solution-pour-nos-ados\/#primaryimage","url":"https:\/\/www.psychologies.be\/fr\/wp-content\/uploads\/2012\/03\/psycho_cover-10.jpg","contentUrl":"https:\/\/www.psychologies.be\/fr\/wp-content\/uploads\/2012\/03\/psycho_cover-10.jpg","width":690,"height":362},{"@type":"BreadcrumbList","@id":"https:\/\/www.psychologies.be\/fr\/adresse\/et-si-la-meditation-etait-la-solution-pour-nos-ados\/#breadcrumb","itemListElement":[{"@type":"ListItem","position":1,"name":"Home","item":"https:\/\/www.psychologies.be\/fr\/"},{"@type":"ListItem","position":2,"name":"Adresses","item":"https:\/\/www.psychologies.be\/fr\/adresse\/"},{"@type":"ListItem","position":3,"name":"Et si la m\u00e9ditation \u00e9tait la solution ?"}]},{"@type":"WebSite","@id":"https:\/\/www.psychologies.be\/fr\/#website","url":"https:\/\/www.psychologies.be\/fr\/","name":"Psychologies Belgique","description":"Psychologie, mieux se conna\u00eetre pour mieux vivre sa vie","publisher":{"@id":"https:\/\/www.psychologies.be\/fr\/#organization"},"potentialAction":[{"@type":"SearchAction","target":{"@type":"EntryPoint","urlTemplate":"https:\/\/www.psychologies.be\/fr\/?s={search_term_string}"},"query-input":{"@type":"PropertyValueSpecification","valueRequired":true,"valueName":"search_term_string"}}],"inLanguage":"fr-FR"},{"@type":"Organization","@id":"https:\/\/www.psychologies.be\/fr\/#organization","name":"Psychologies Belgique","url":"https:\/\/www.psychologies.be\/fr\/","logo":{"@type":"ImageObject","inLanguage":"fr-FR","@id":"https:\/\/www.psychologies.be\/fr\/#\/schema\/logo\/image\/","url":"https:\/\/www.psychologies.be\/fr\/wp-content\/uploads\/2025\/03\/psychologies-be.png","contentUrl":"https:\/\/www.psychologies.be\/fr\/wp-content\/uploads\/2025\/03\/psychologies-be.png","width":696,"height":696,"caption":"Psychologies Belgique"},"image":{"@id":"https:\/\/www.psychologies.be\/fr\/#\/schema\/logo\/image\/"},"sameAs":["https:\/\/www.facebook.com\/Psychologies"]}]}},"_links":{"self":[{"href":"https:\/\/www.psychologies.be\/fr\/wp-json\/wp\/v2\/adresses-api\/10840","targetHints":{"allow":["GET"]}}],"collection":[{"href":"https:\/\/www.psychologies.be\/fr\/wp-json\/wp\/v2\/adresses-api"}],"about":[{"href":"https:\/\/www.psychologies.be\/fr\/wp-json\/wp\/v2\/types\/adresse"}],"author":[{"embeddable":true,"href":"https:\/\/www.psychologies.be\/fr\/wp-json\/wp\/v2\/users\/5"}],"version-history":[{"count":0,"href":"https:\/\/www.psychologies.be\/fr\/wp-json\/wp\/v2\/adresses-api\/10840\/revisions"}],"wp:featuredmedia":[{"embeddable":true,"href":"https:\/\/www.psychologies.be\/fr\/wp-json\/wp\/v2\/media\/10854"}],"wp:attachment":[{"href":"https:\/\/www.psychologies.be\/fr\/wp-json\/wp\/v2\/media?parent=10840"}],"curies":[{"name":"wp","href":"https:\/\/api.w.org\/{rel}","templated":true}]}}

Et si la méditation était la solution ?

<div>Mathieu Brégégère, enseignant de méditation et formateur d’éducateurs spécialisés, est aujourd’hui reconnu comme l’expert français de la méditation pour les adolescents. Il sera à Bruxelles pour 2 événements exceptionnels les 2 et 3 avril à l&#8217;Ecole de méditation, l&#8217;école fondée par Fabrice Midal:</div>
<div></div>
<div>Une conférence autour de la méditation pour accompagner les adolescent-e-s, sous le titre: &#8220;Des solutions concrètes pour aider nos ados&#8221;. Comment la méditation peut-elle répondre aux angoisses des ados qui ne sont plus des enfants, mais pas encore des adultes ? De quelle façon peut-elle aider à s’accepter dans cette période de changement ? Comment peut-elle leur permettre de surmonter les difficultés propres à notre époque ? Des questions auxquelles Mathieu Brégégère répondra tant par le récit engagé de ces expériences que par des pistes concrètes de pratiques tirées de son parcours d’éducateur de rue, d’enseignant de méditation et de formateur d’éducateurs et éducatrices spécialisé·e·s.</div>
<div></div>
<div>Une journée de pratique de la méditation ouverte à tou-te-s, intitulée &#8220;Apprivoiser nos émotions en douceur&#8221; et articulée autour des questions suivantes: <span lang="FR-BE">Comment faire de nos émotions des alliées ? Comment ne pas se laisser submerger par elles ? Comment ne plus en avoir peur ? Comment les transformer en forces ? Débutant-e-s bienvenu-e-s.</span></div>
<div></div>
<div>Infos pratiques : Et si la méditation était la solution ? – Conférence et Journée de pratique les 2 et 3 avril à L’Usine à Uccle. Réservation en ligne sur <a href="http://www.ecolemeditation.com/bruxelles" target="_blank" rel="noopener" data-saferedirecturl="https://www.google.com/url?q=http://www.ecolemeditation.com/bruxelles&amp;source=gmail&amp;ust=1647953231868000&amp;usg=AOvVaw1MXzgvVhPDvHKmTFz8Vipv">www.ecolemeditation.com/<wbr />bruxelles</a></div>

Répondre aux besoins et aux désirs des jeunes.  Infos pratiques : Et si la méditation était la solution ? - Conférence & Journée de pratique les 2 et 3 avril à L’Usine à Uccle.

40 rue du Doyenné - 1180 Uccle

<!-- This site is optimized with the Yoast SEO plugin v27.3 - https://yoast.com/product/yoast-seo-wordpress/ -->
<title>Et si la méditation était la solution ? | Psychologies Belgique</title>
<meta name="robots" content="noindex, follow" />
<meta property="og:locale" content="fr_FR" />
<meta property="og:type" content="article" />
<meta property="og:title" content="Et si la méditation était la solution ? | Psychologies Belgique" />
<meta property="og:url" content="https://www.psychologies.be/fr/adresse/et-si-la-meditation-etait-la-solution-pour-nos-ados/" />
<meta property="og:site_name" content="Psychologies Belgique" />
<meta property="article:publisher" content="https://www.facebook.com/Psychologies" />
<meta property="article:modified_time" content="2022-04-05T11:35:27+00:00" />
<meta property="og:image" content="https://www.psychologies.be/fr/wp-content/uploads/2012/03/psycho_cover-10.jpg" />
	<meta property="og:image:width" content="690" />
	<meta property="og:image:height" content="362" />
	<meta property="og:image:type" content="image/jpeg" />
<meta name="twitter:card" content="summary_large_image" />
<script type="application/ld+json" class="yoast-schema-graph">{"@context":"https:\/\/schema.org","@graph":[{"@type":"WebPage","@id":"https:\/\/www.psychologies.be\/fr\/adresse\/et-si-la-meditation-etait-la-solution-pour-nos-ados\/","url":"https:\/\/www.psychologies.be\/fr\/adresse\/et-si-la-meditation-etait-la-solution-pour-nos-ados\/","name":"Et si la méditation était la solution ? | Psychologies Belgique","isPartOf":{"@id":"https:\/\/www.psychologies.be\/fr\/#website"},"primaryImageOfPage":{"@id":"https:\/\/www.psychologies.be\/fr\/adresse\/et-si-la-meditation-etait-la-solution-pour-nos-ados\/#primaryimage"},"image":{"@id":"https:\/\/www.psychologies.be\/fr\/adresse\/et-si-la-meditation-etait-la-solution-pour-nos-ados\/#primaryimage"},"thumbnailUrl":"https:\/\/www.psychologies.be\/fr\/wp-content\/uploads\/2012\/03\/psycho_cover-10.jpg","datePublished":"2022-03-14T13:06:30+00:00","dateModified":"2022-04-05T11:35:27+00:00","breadcrumb":{"@id":"https:\/\/www.psychologies.be\/fr\/adresse\/et-si-la-meditation-etait-la-solution-pour-nos-ados\/#breadcrumb"},"inLanguage":"fr-FR","potentialAction":[{"@type":"ReadAction","target":["https:\/\/www.psychologies.be\/fr\/adresse\/et-si-la-meditation-etait-la-solution-pour-nos-ados\/"]}]},{"@type":"ImageObject","inLanguage":"fr-FR","@id":"https:\/\/www.psychologies.be\/fr\/adresse\/et-si-la-meditation-etait-la-solution-pour-nos-ados\/#primaryimage","url":"https:\/\/www.psychologies.be\/fr\/wp-content\/uploads\/2012\/03\/psycho_cover-10.jpg","contentUrl":"https:\/\/www.psychologies.be\/fr\/wp-content\/uploads\/2012\/03\/psycho_cover-10.jpg","width":690,"height":362},{"@type":"BreadcrumbList","@id":"https:\/\/www.psychologies.be\/fr\/adresse\/et-si-la-meditation-etait-la-solution-pour-nos-ados\/#breadcrumb","itemListElement":[{"@type":"ListItem","position":1,"name":"Home","item":"https:\/\/www.psychologies.be\/fr\/"},{"@type":"ListItem","position":2,"name":"Adresses","item":"https:\/\/www.psychologies.be\/fr\/adresse\/"},{"@type":"ListItem","position":3,"name":"Et si la méditation était la solution ?"}]},{"@type":"WebSite","@id":"https:\/\/www.psychologies.be\/fr\/#website","url":"https:\/\/www.psychologies.be\/fr\/","name":"Psychologies Belgique","description":"Psychologie, mieux se connaître pour mieux vivre sa vie","publisher":{"@id":"https:\/\/www.psychologies.be\/fr\/#organization"},"potentialAction":[{"@type":"SearchAction","target":{"@type":"EntryPoint","urlTemplate":"https:\/\/www.psychologies.be\/fr\/?s={search_term_string}"},"query-input":{"@type":"PropertyValueSpecification","valueRequired":true,"valueName":"search_term_string"}}],"inLanguage":"fr-FR"},{"@type":"Organization","@id":"https:\/\/www.psychologies.be\/fr\/#organization","name":"Psychologies Belgique","url":"https:\/\/www.psychologies.be\/fr\/","logo":{"@type":"ImageObject","inLanguage":"fr-FR","@id":"https:\/\/www.psychologies.be\/fr\/#\/schema\/logo\/image\/","url":"https:\/\/www.psychologies.be\/fr\/wp-content\/uploads\/2025\/03\/psychologies-be.png","contentUrl":"https:\/\/www.psychologies.be\/fr\/wp-content\/uploads\/2025\/03\/psychologies-be.png","width":696,"height":696,"caption":"Psychologies Belgique"},"image":{"@id":"https:\/\/www.psychologies.be\/fr\/#\/schema\/logo\/image\/"},"sameAs":["https:\/\/www.facebook.com\/Psychologies"]}]}</script>
<!-- / Yoast SEO plugin. -->

Et si la méditation était la solution ? | Psychologies Belgique

Psychologie, mieux se connaître pour mieux vivre sa vie
