{"id":11611,"date":"2023-09-07T15:00:06","date_gmt":"2023-09-07T13:00:06","guid":{"rendered":"https:\/\/www.psychologies.be\/com\/?post_type=adresse&#038;p=11611"},"modified":"2024-01-02T11:26:13","modified_gmt":"2024-01-02T10:26:13","slug":"formation-au-viniyoga-se-reconnecter-a-son-corps-et-son-esprit","status":"publish","type":"adresse","link":"https:\/\/www.psychologies.be\/fr\/adresse\/formation-au-viniyoga-se-reconnecter-a-son-corps-et-son-esprit\/","title":{"rendered":"Formation au VINIYOGA : se reconnecter \u00e0 son corps et son esprit"},"content":{"rendered":"","protected":false},"author":22,"featured_media":11628,"template":"","meta":{"_acf_changed":false,"footnotes":""},"class_list":["post-11611","adresse","type-adresse","status-publish","has-post-thumbnail","hentry","Categorie-yoga-et-meditation"],"acf":{"coeur":false,"random":false,"description":"<p>Vous \u00eates \u00e0 la recherche d&#8217;une pratique de yoga qui s&#8217;adapte \u00e0 vos besoins et \u00e0 votre rythme de vie ? Le VINIYOGA est une m\u00e9thode douce et progressive qui permet de travailler en profondeur sur votre corps et votre esprit, en respectant vos limites et en vous accompagnant dans votre \u00e9volution.<\/p>\n<p>Que vous soyez d\u00e9butant\u00b7e ou pratiquant\u00b7e confirm\u00e9\u00b7e, la formation vous offrira des outils concrets pour am\u00e9liorer votre bien-\u00eatre au quotidien. Vous apprendrez \u00e0 respirer en conscience, \u00e0 vous d\u00e9tendre profond\u00e9ment, \u00e0 renforcer votre corps en douceur, et \u00e0 cultiver une pr\u00e9sence attentive \u00e0 vous-m\u00eame et \u00e0 votre environnement.<\/p>\n<p>Rejoignez Mitra asbl pour une exp\u00e9rience de Yoga unique et enrichissante, qui vous permettra de vous reconnecter \u00e0 votre corps et \u00e0 votre esprit, et de retrouver un \u00e9quilibre int\u00e9rieur durable.<\/p>\n<p>280 heures de formation \u2013 2 ans<br \/>\nBruxelles et Li\u00e8ge (au choix)<\/p>\n<p>Mitra asbl est active depuis 2007 et a d\u00e9j\u00e0 form\u00e9 plus de 180 professeurs. C\u2019est la seule \u00e9cole en Europe reconnue par Viniyoga International, f\u00e9d\u00e9ration mondiale rassemblant les enseignements VINIYOGA de T. Krishnamacharya et TKV Desikachar.<\/p>\n<p>Septembre : Ouverture d\u2019un nouveau Centre de soin par le Yoga dans un espace lumineux situ\u00e9 Place Flagey.<\/p>\n","intro":"Le VINIYOGA est une m\u00e9thode douce et progressive qui permet de travailler en profondeur sur votre corps et votre esprit, en respectant vos limites et en vous accompagnant dans votre \u00e9volution.","nom_societe":"MITRA asbl","adresse":"Place Flagey, 7\/7 \u00e8me \u00e9tage, 1050 Bruxelles","site":"https:\/\/www.mitra-yoga.be\/","lien_facebook":"https:\/\/www.facebook.com\/MitraYogaSoin\/","telephone":"0474\/20.30.29","email":"philip@mitra-yoga.be","number_impressions":""},"_yoast_wpseo_metadesc":null,"_yoast_wpseo_title":null,"yoast_head":"<!-- This site is optimized with the Yoast SEO plugin v27.3 - https:\/\/yoast.com\/product\/yoast-seo-wordpress\/ -->\n<title>Formation au VINIYOGA : se reconnecter \u00e0 son corps et son esprit | Psychologies Belgique<\/title>\n<meta name=\"robots\" content=\"noindex, follow\" \/>\n<meta property=\"og:locale\" content=\"fr_FR\" \/>\n<meta property=\"og:type\" content=\"article\" \/>\n<meta property=\"og:title\" content=\"Formation au VINIYOGA : se reconnecter \u00e0 son corps et son esprit | Psychologies Belgique\" \/>\n<meta property=\"og:url\" content=\"https:\/\/www.psychologies.be\/fr\/adresse\/formation-au-viniyoga-se-reconnecter-a-son-corps-et-son-esprit\/\" \/>\n<meta property=\"og:site_name\" content=\"Psychologies Belgique\" \/>\n<meta property=\"article:publisher\" content=\"https:\/\/www.facebook.com\/Psychologies\" \/>\n<meta property=\"article:modified_time\" content=\"2024-01-02T10:26:13+00:00\" \/>\n<meta property=\"og:image\" content=\"https:\/\/www.psychologies.be\/fr\/wp-content\/uploads\/2012\/08\/psychologie_viniyogainter.png\" \/>\n\t<meta property=\"og:image:width\" content=\"914\" \/>\n\t<meta property=\"og:image:height\" content=\"453\" \/>\n\t<meta property=\"og:image:type\" content=\"image\/png\" \/>\n<meta name=\"twitter:card\" content=\"summary_large_image\" \/>\n<script type=\"application\/ld+json\" class=\"yoast-schema-graph\">{\"@context\":\"https:\\\/\\\/schema.org\",\"@graph\":[{\"@type\":\"WebPage\",\"@id\":\"https:\\\/\\\/www.psychologies.be\\\/fr\\\/adresse\\\/formation-au-viniyoga-se-reconnecter-a-son-corps-et-son-esprit\\\/\",\"url\":\"https:\\\/\\\/www.psychologies.be\\\/fr\\\/adresse\\\/formation-au-viniyoga-se-reconnecter-a-son-corps-et-son-esprit\\\/\",\"name\":\"Formation au VINIYOGA : se reconnecter \u00e0 son corps et son esprit | Psychologies Belgique\",\"isPartOf\":{\"@id\":\"https:\\\/\\\/www.psychologies.be\\\/fr\\\/#website\"},\"primaryImageOfPage\":{\"@id\":\"https:\\\/\\\/www.psychologies.be\\\/fr\\\/adresse\\\/formation-au-viniyoga-se-reconnecter-a-son-corps-et-son-esprit\\\/#primaryimage\"},\"image\":{\"@id\":\"https:\\\/\\\/www.psychologies.be\\\/fr\\\/adresse\\\/formation-au-viniyoga-se-reconnecter-a-son-corps-et-son-esprit\\\/#primaryimage\"},\"thumbnailUrl\":\"https:\\\/\\\/www.psychologies.be\\\/fr\\\/wp-content\\\/uploads\\\/2012\\\/08\\\/psychologie_viniyogainter.png\",\"datePublished\":\"2023-09-07T13:00:06+00:00\",\"dateModified\":\"2024-01-02T10:26:13+00:00\",\"breadcrumb\":{\"@id\":\"https:\\\/\\\/www.psychologies.be\\\/fr\\\/adresse\\\/formation-au-viniyoga-se-reconnecter-a-son-corps-et-son-esprit\\\/#breadcrumb\"},\"inLanguage\":\"fr-FR\",\"potentialAction\":[{\"@type\":\"ReadAction\",\"target\":[\"https:\\\/\\\/www.psychologies.be\\\/fr\\\/adresse\\\/formation-au-viniyoga-se-reconnecter-a-son-corps-et-son-esprit\\\/\"]}]},{\"@type\":\"ImageObject\",\"inLanguage\":\"fr-FR\",\"@id\":\"https:\\\/\\\/www.psychologies.be\\\/fr\\\/adresse\\\/formation-au-viniyoga-se-reconnecter-a-son-corps-et-son-esprit\\\/#primaryimage\",\"url\":\"https:\\\/\\\/www.psychologies.be\\\/fr\\\/wp-content\\\/uploads\\\/2012\\\/08\\\/psychologie_viniyogainter.png\",\"contentUrl\":\"https:\\\/\\\/www.psychologies.be\\\/fr\\\/wp-content\\\/uploads\\\/2012\\\/08\\\/psychologie_viniyogainter.png\",\"width\":914,\"height\":453},{\"@type\":\"BreadcrumbList\",\"@id\":\"https:\\\/\\\/www.psychologies.be\\\/fr\\\/adresse\\\/formation-au-viniyoga-se-reconnecter-a-son-corps-et-son-esprit\\\/#breadcrumb\",\"itemListElement\":[{\"@type\":\"ListItem\",\"position\":1,\"name\":\"Home\",\"item\":\"https:\\\/\\\/www.psychologies.be\\\/fr\\\/\"},{\"@type\":\"ListItem\",\"position\":2,\"name\":\"Adresses\",\"item\":\"https:\\\/\\\/www.psychologies.be\\\/fr\\\/adresse\\\/\"},{\"@type\":\"ListItem\",\"position\":3,\"name\":\"Formation au VINIYOGA : se reconnecter \u00e0 son corps et son esprit\"}]},{\"@type\":\"WebSite\",\"@id\":\"https:\\\/\\\/www.psychologies.be\\\/fr\\\/#website\",\"url\":\"https:\\\/\\\/www.psychologies.be\\\/fr\\\/\",\"name\":\"Psychologies Belgique\",\"description\":\"Psychologie, mieux se conna\u00eetre pour mieux vivre sa vie\",\"publisher\":{\"@id\":\"https:\\\/\\\/www.psychologies.be\\\/fr\\\/#organization\"},\"potentialAction\":[{\"@type\":\"SearchAction\",\"target\":{\"@type\":\"EntryPoint\",\"urlTemplate\":\"https:\\\/\\\/www.psychologies.be\\\/fr\\\/?s={search_term_string}\"},\"query-input\":{\"@type\":\"PropertyValueSpecification\",\"valueRequired\":true,\"valueName\":\"search_term_string\"}}],\"inLanguage\":\"fr-FR\"},{\"@type\":\"Organization\",\"@id\":\"https:\\\/\\\/www.psychologies.be\\\/fr\\\/#organization\",\"name\":\"Psychologies Belgique\",\"url\":\"https:\\\/\\\/www.psychologies.be\\\/fr\\\/\",\"logo\":{\"@type\":\"ImageObject\",\"inLanguage\":\"fr-FR\",\"@id\":\"https:\\\/\\\/www.psychologies.be\\\/fr\\\/#\\\/schema\\\/logo\\\/image\\\/\",\"url\":\"https:\\\/\\\/www.psychologies.be\\\/fr\\\/wp-content\\\/uploads\\\/2025\\\/03\\\/psychologies-be.png\",\"contentUrl\":\"https:\\\/\\\/www.psychologies.be\\\/fr\\\/wp-content\\\/uploads\\\/2025\\\/03\\\/psychologies-be.png\",\"width\":696,\"height\":696,\"caption\":\"Psychologies Belgique\"},\"image\":{\"@id\":\"https:\\\/\\\/www.psychologies.be\\\/fr\\\/#\\\/schema\\\/logo\\\/image\\\/\"},\"sameAs\":[\"https:\\\/\\\/www.facebook.com\\\/Psychologies\"]}]}<\/script>\n<!-- \/ Yoast SEO plugin. -->","yoast_head_json":{"title":"Formation au VINIYOGA : se reconnecter \u00e0 son corps et son esprit | Psychologies Belgique","robots":{"index":"noindex","follow":"follow"},"og_locale":"fr_FR","og_type":"article","og_title":"Formation au VINIYOGA : se reconnecter \u00e0 son corps et son esprit | Psychologies Belgique","og_url":"https:\/\/www.psychologies.be\/fr\/adresse\/formation-au-viniyoga-se-reconnecter-a-son-corps-et-son-esprit\/","og_site_name":"Psychologies Belgique","article_publisher":"https:\/\/www.facebook.com\/Psychologies","article_modified_time":"2024-01-02T10:26:13+00:00","og_image":[{"width":914,"height":453,"url":"https:\/\/www.psychologies.be\/fr\/wp-content\/uploads\/2012\/08\/psychologie_viniyogainter.png","type":"image\/png"}],"twitter_card":"summary_large_image","schema":{"@context":"https:\/\/schema.org","@graph":[{"@type":"WebPage","@id":"https:\/\/www.psychologies.be\/fr\/adresse\/formation-au-viniyoga-se-reconnecter-a-son-corps-et-son-esprit\/","url":"https:\/\/www.psychologies.be\/fr\/adresse\/formation-au-viniyoga-se-reconnecter-a-son-corps-et-son-esprit\/","name":"Formation au VINIYOGA : se reconnecter \u00e0 son corps et son esprit | Psychologies Belgique","isPartOf":{"@id":"https:\/\/www.psychologies.be\/fr\/#website"},"primaryImageOfPage":{"@id":"https:\/\/www.psychologies.be\/fr\/adresse\/formation-au-viniyoga-se-reconnecter-a-son-corps-et-son-esprit\/#primaryimage"},"image":{"@id":"https:\/\/www.psychologies.be\/fr\/adresse\/formation-au-viniyoga-se-reconnecter-a-son-corps-et-son-esprit\/#primaryimage"},"thumbnailUrl":"https:\/\/www.psychologies.be\/fr\/wp-content\/uploads\/2012\/08\/psychologie_viniyogainter.png","datePublished":"2023-09-07T13:00:06+00:00","dateModified":"2024-01-02T10:26:13+00:00","breadcrumb":{"@id":"https:\/\/www.psychologies.be\/fr\/adresse\/formation-au-viniyoga-se-reconnecter-a-son-corps-et-son-esprit\/#breadcrumb"},"inLanguage":"fr-FR","potentialAction":[{"@type":"ReadAction","target":["https:\/\/www.psychologies.be\/fr\/adresse\/formation-au-viniyoga-se-reconnecter-a-son-corps-et-son-esprit\/"]}]},{"@type":"ImageObject","inLanguage":"fr-FR","@id":"https:\/\/www.psychologies.be\/fr\/adresse\/formation-au-viniyoga-se-reconnecter-a-son-corps-et-son-esprit\/#primaryimage","url":"https:\/\/www.psychologies.be\/fr\/wp-content\/uploads\/2012\/08\/psychologie_viniyogainter.png","contentUrl":"https:\/\/www.psychologies.be\/fr\/wp-content\/uploads\/2012\/08\/psychologie_viniyogainter.png","width":914,"height":453},{"@type":"BreadcrumbList","@id":"https:\/\/www.psychologies.be\/fr\/adresse\/formation-au-viniyoga-se-reconnecter-a-son-corps-et-son-esprit\/#breadcrumb","itemListElement":[{"@type":"ListItem","position":1,"name":"Home","item":"https:\/\/www.psychologies.be\/fr\/"},{"@type":"ListItem","position":2,"name":"Adresses","item":"https:\/\/www.psychologies.be\/fr\/adresse\/"},{"@type":"ListItem","position":3,"name":"Formation au VINIYOGA : se reconnecter \u00e0 son corps et son esprit"}]},{"@type":"WebSite","@id":"https:\/\/www.psychologies.be\/fr\/#website","url":"https:\/\/www.psychologies.be\/fr\/","name":"Psychologies Belgique","description":"Psychologie, mieux se conna\u00eetre pour mieux vivre sa vie","publisher":{"@id":"https:\/\/www.psychologies.be\/fr\/#organization"},"potentialAction":[{"@type":"SearchAction","target":{"@type":"EntryPoint","urlTemplate":"https:\/\/www.psychologies.be\/fr\/?s={search_term_string}"},"query-input":{"@type":"PropertyValueSpecification","valueRequired":true,"valueName":"search_term_string"}}],"inLanguage":"fr-FR"},{"@type":"Organization","@id":"https:\/\/www.psychologies.be\/fr\/#organization","name":"Psychologies Belgique","url":"https:\/\/www.psychologies.be\/fr\/","logo":{"@type":"ImageObject","inLanguage":"fr-FR","@id":"https:\/\/www.psychologies.be\/fr\/#\/schema\/logo\/image\/","url":"https:\/\/www.psychologies.be\/fr\/wp-content\/uploads\/2025\/03\/psychologies-be.png","contentUrl":"https:\/\/www.psychologies.be\/fr\/wp-content\/uploads\/2025\/03\/psychologies-be.png","width":696,"height":696,"caption":"Psychologies Belgique"},"image":{"@id":"https:\/\/www.psychologies.be\/fr\/#\/schema\/logo\/image\/"},"sameAs":["https:\/\/www.facebook.com\/Psychologies"]}]}},"_links":{"self":[{"href":"https:\/\/www.psychologies.be\/fr\/wp-json\/wp\/v2\/adresses-api\/11611","targetHints":{"allow":["GET"]}}],"collection":[{"href":"https:\/\/www.psychologies.be\/fr\/wp-json\/wp\/v2\/adresses-api"}],"about":[{"href":"https:\/\/www.psychologies.be\/fr\/wp-json\/wp\/v2\/types\/adresse"}],"author":[{"embeddable":true,"href":"https:\/\/www.psychologies.be\/fr\/wp-json\/wp\/v2\/users\/22"}],"version-history":[{"count":0,"href":"https:\/\/www.psychologies.be\/fr\/wp-json\/wp\/v2\/adresses-api\/11611\/revisions"}],"wp:featuredmedia":[{"embeddable":true,"href":"https:\/\/www.psychologies.be\/fr\/wp-json\/wp\/v2\/media\/11628"}],"wp:attachment":[{"href":"https:\/\/www.psychologies.be\/fr\/wp-json\/wp\/v2\/media?parent=11611"}],"curies":[{"name":"wp","href":"https:\/\/api.w.org\/{rel}","templated":true}]}}

Formation au VINIYOGA : se reconnecter à son corps et son esprit

<p>Vous êtes à la recherche d&#8217;une pratique de yoga qui s&#8217;adapte à vos besoins et à votre rythme de vie ? Le VINIYOGA est une méthode douce et progressive qui permet de travailler en profondeur sur votre corps et votre esprit, en respectant vos limites et en vous accompagnant dans votre évolution.</p>
<p>Que vous soyez débutant·e ou pratiquant·e confirmé·e, la formation vous offrira des outils concrets pour améliorer votre bien-être au quotidien. Vous apprendrez à respirer en conscience, à vous détendre profondément, à renforcer votre corps en douceur, et à cultiver une présence attentive à vous-même et à votre environnement.</p>
<p>Rejoignez Mitra asbl pour une expérience de Yoga unique et enrichissante, qui vous permettra de vous reconnecter à votre corps et à votre esprit, et de retrouver un équilibre intérieur durable.</p>
<p>280 heures de formation – 2 ans<br />
Bruxelles et Liège (au choix)</p>
<p>Mitra asbl est active depuis 2007 et a déjà formé plus de 180 professeurs. C’est la seule école en Europe reconnue par Viniyoga International, fédération mondiale rassemblant les enseignements VINIYOGA de T. Krishnamacharya et TKV Desikachar.</p>
<p>Septembre : Ouverture d’un nouveau Centre de soin par le Yoga dans un espace lumineux situé Place Flagey.</p>

Le VINIYOGA est une méthode douce et progressive qui permet de travailler en profondeur sur votre corps et votre esprit, en respectant vos limites et en vous accompagnant dans votre évolution.

Place Flagey, 7/7 ème étage, 1050 Bruxelles

<!-- This site is optimized with the Yoast SEO plugin v27.3 - https://yoast.com/product/yoast-seo-wordpress/ -->
<title>Formation au VINIYOGA : se reconnecter à son corps et son esprit | Psychologies Belgique</title>
<meta name="robots" content="noindex, follow" />
<meta property="og:locale" content="fr_FR" />
<meta property="og:type" content="article" />
<meta property="og:title" content="Formation au VINIYOGA : se reconnecter à son corps et son esprit | Psychologies Belgique" />
<meta property="og:url" content="https://www.psychologies.be/fr/adresse/formation-au-viniyoga-se-reconnecter-a-son-corps-et-son-esprit/" />
<meta property="og:site_name" content="Psychologies Belgique" />
<meta property="article:publisher" content="https://www.facebook.com/Psychologies" />
<meta property="article:modified_time" content="2024-01-02T10:26:13+00:00" />
<meta property="og:image" content="https://www.psychologies.be/fr/wp-content/uploads/2012/08/psychologie_viniyogainter.png" />
	<meta property="og:image:width" content="914" />
	<meta property="og:image:height" content="453" />
	<meta property="og:image:type" content="image/png" />
<meta name="twitter:card" content="summary_large_image" />
<script type="application/ld+json" class="yoast-schema-graph">{"@context":"https:\/\/schema.org","@graph":[{"@type":"WebPage","@id":"https:\/\/www.psychologies.be\/fr\/adresse\/formation-au-viniyoga-se-reconnecter-a-son-corps-et-son-esprit\/","url":"https:\/\/www.psychologies.be\/fr\/adresse\/formation-au-viniyoga-se-reconnecter-a-son-corps-et-son-esprit\/","name":"Formation au VINIYOGA : se reconnecter à son corps et son esprit | Psychologies Belgique","isPartOf":{"@id":"https:\/\/www.psychologies.be\/fr\/#website"},"primaryImageOfPage":{"@id":"https:\/\/www.psychologies.be\/fr\/adresse\/formation-au-viniyoga-se-reconnecter-a-son-corps-et-son-esprit\/#primaryimage"},"image":{"@id":"https:\/\/www.psychologies.be\/fr\/adresse\/formation-au-viniyoga-se-reconnecter-a-son-corps-et-son-esprit\/#primaryimage"},"thumbnailUrl":"https:\/\/www.psychologies.be\/fr\/wp-content\/uploads\/2012\/08\/psychologie_viniyogainter.png","datePublished":"2023-09-07T13:00:06+00:00","dateModified":"2024-01-02T10:26:13+00:00","breadcrumb":{"@id":"https:\/\/www.psychologies.be\/fr\/adresse\/formation-au-viniyoga-se-reconnecter-a-son-corps-et-son-esprit\/#breadcrumb"},"inLanguage":"fr-FR","potentialAction":[{"@type":"ReadAction","target":["https:\/\/www.psychologies.be\/fr\/adresse\/formation-au-viniyoga-se-reconnecter-a-son-corps-et-son-esprit\/"]}]},{"@type":"ImageObject","inLanguage":"fr-FR","@id":"https:\/\/www.psychologies.be\/fr\/adresse\/formation-au-viniyoga-se-reconnecter-a-son-corps-et-son-esprit\/#primaryimage","url":"https:\/\/www.psychologies.be\/fr\/wp-content\/uploads\/2012\/08\/psychologie_viniyogainter.png","contentUrl":"https:\/\/www.psychologies.be\/fr\/wp-content\/uploads\/2012\/08\/psychologie_viniyogainter.png","width":914,"height":453},{"@type":"BreadcrumbList","@id":"https:\/\/www.psychologies.be\/fr\/adresse\/formation-au-viniyoga-se-reconnecter-a-son-corps-et-son-esprit\/#breadcrumb","itemListElement":[{"@type":"ListItem","position":1,"name":"Home","item":"https:\/\/www.psychologies.be\/fr\/"},{"@type":"ListItem","position":2,"name":"Adresses","item":"https:\/\/www.psychologies.be\/fr\/adresse\/"},{"@type":"ListItem","position":3,"name":"Formation au VINIYOGA : se reconnecter à son corps et son esprit"}]},{"@type":"WebSite","@id":"https:\/\/www.psychologies.be\/fr\/#website","url":"https:\/\/www.psychologies.be\/fr\/","name":"Psychologies Belgique","description":"Psychologie, mieux se connaître pour mieux vivre sa vie","publisher":{"@id":"https:\/\/www.psychologies.be\/fr\/#organization"},"potentialAction":[{"@type":"SearchAction","target":{"@type":"EntryPoint","urlTemplate":"https:\/\/www.psychologies.be\/fr\/?s={search_term_string}"},"query-input":{"@type":"PropertyValueSpecification","valueRequired":true,"valueName":"search_term_string"}}],"inLanguage":"fr-FR"},{"@type":"Organization","@id":"https:\/\/www.psychologies.be\/fr\/#organization","name":"Psychologies Belgique","url":"https:\/\/www.psychologies.be\/fr\/","logo":{"@type":"ImageObject","inLanguage":"fr-FR","@id":"https:\/\/www.psychologies.be\/fr\/#\/schema\/logo\/image\/","url":"https:\/\/www.psychologies.be\/fr\/wp-content\/uploads\/2025\/03\/psychologies-be.png","contentUrl":"https:\/\/www.psychologies.be\/fr\/wp-content\/uploads\/2025\/03\/psychologies-be.png","width":696,"height":696,"caption":"Psychologies Belgique"},"image":{"@id":"https:\/\/www.psychologies.be\/fr\/#\/schema\/logo\/image\/"},"sameAs":["https:\/\/www.facebook.com\/Psychologies"]}]}</script>
<!-- / Yoast SEO plugin. -->

Formation au VINIYOGA : se reconnecter à son corps et son esprit | Psychologies Belgique

Psychologie, mieux se connaître pour mieux vivre sa vie
