{"id":6186,"date":"2018-09-21T14:08:09","date_gmt":"2018-09-21T12:08:09","guid":{"rendered":"http:\/\/www.psychologies.be\/com\/?post_type=adresse&#038;p=6186"},"modified":"2019-09-02T12:05:43","modified_gmt":"2019-09-02T10:05:43","slug":"conference-larbre-de-vie-dr-arkady-petrov","status":"publish","type":"adresse","link":"https:\/\/www.psychologies.be\/fr\/adresse\/conference-larbre-de-vie-dr-arkady-petrov\/","title":{"rendered":"Conf\u00e9rence L&#8217;arbre de vie &#8211; Dr Arkady PETROV"},"content":{"rendered":"","protected":false},"author":5,"featured_media":6187,"template":"","meta":{"_acf_changed":false,"footnotes":""},"class_list":["post-6186","adresse","type-adresse","status-publish","has-post-thumbnail","hentry","Categorie-approche-psycho-corporelle"],"acf":{"coeur":false,"random":false,"description":"<p>Pour la premi\u00e8re fois en Belgique, le Dr Arkady Petrov viendra le 17 octobre 2018 \u00e0 l\u2019Espace CREAGORA, salle EOLE, rue de Fernelmont 40-42 \u00e0 5020 Champion \u2013 Parking P42 (acc\u00e8s pi\u00e9ton via P40). une conf\u00e9rence sur l\u2019enseignement de l\u2019arbre de vie et sur la r\u00e9g\u00e9n\u00e9ration d\u2019organes. Son enseignement fait appel aux capacit\u00e9s de gestion mentale de l\u2019organisme pour gu\u00e9rir, restaurer et r\u00e9g\u00e9n\u00e9rer.<br \/>\nInscription par payement d&#8217;un montant de 60\u20ac\/pers sur le compte BE69 3601 0812 3478. Plus d&#8217;informations : 0497\/36.64.29<\/p>\n","intro":"Conf\u00e9rence L'arbre de vie - Dr Arkady PETROV -l\u2019Espace CREAGORA,5020 Champion.","nom_societe":"","adresse":"Espace CREAGORA, salle EOLE, rue de Fernelmont 40-42 \u00e0 5020 Champion \u2013 Parking P42 (acc\u00e8s pi\u00e9ton via P40)","site":"","lien_facebook":"","telephone":"0497\/36.64.29","email":"prosinat@scarlet.be","number_impressions":""},"_yoast_wpseo_metadesc":null,"_yoast_wpseo_title":null,"yoast_head":"<!-- This site is optimized with the Yoast SEO plugin v27.3 - https:\/\/yoast.com\/product\/yoast-seo-wordpress\/ -->\n<title>Conf\u00e9rence L&#039;arbre de vie - Dr Arkady PETROV | Psychologies Belgique<\/title>\n<meta name=\"robots\" content=\"noindex, follow\" \/>\n<meta property=\"og:locale\" content=\"fr_FR\" \/>\n<meta property=\"og:type\" content=\"article\" \/>\n<meta property=\"og:title\" content=\"Conf\u00e9rence L&#039;arbre de vie - Dr Arkady PETROV | Psychologies Belgique\" \/>\n<meta property=\"og:url\" content=\"https:\/\/www.psychologies.be\/fr\/adresse\/conference-larbre-de-vie-dr-arkady-petrov\/\" \/>\n<meta property=\"og:site_name\" content=\"Psychologies Belgique\" \/>\n<meta property=\"article:publisher\" content=\"https:\/\/www.facebook.com\/Psychologies\" \/>\n<meta property=\"article:modified_time\" content=\"2019-09-02T10:05:43+00:00\" \/>\n<meta property=\"og:image\" content=\"https:\/\/www.psychologies.be\/fr\/wp-content\/uploads\/2018\/09\/larbre-de-vie.jpg\" \/>\n\t<meta property=\"og:image:width\" content=\"300\" \/>\n\t<meta property=\"og:image:height\" content=\"157\" \/>\n\t<meta property=\"og:image:type\" content=\"image\/jpeg\" \/>\n<meta name=\"twitter:card\" content=\"summary_large_image\" \/>\n<script type=\"application\/ld+json\" class=\"yoast-schema-graph\">{\"@context\":\"https:\\\/\\\/schema.org\",\"@graph\":[{\"@type\":\"WebPage\",\"@id\":\"https:\\\/\\\/www.psychologies.be\\\/fr\\\/adresse\\\/conference-larbre-de-vie-dr-arkady-petrov\\\/\",\"url\":\"https:\\\/\\\/www.psychologies.be\\\/fr\\\/adresse\\\/conference-larbre-de-vie-dr-arkady-petrov\\\/\",\"name\":\"Conf\u00e9rence L'arbre de vie - Dr Arkady PETROV | Psychologies Belgique\",\"isPartOf\":{\"@id\":\"https:\\\/\\\/www.psychologies.be\\\/fr\\\/#website\"},\"primaryImageOfPage\":{\"@id\":\"https:\\\/\\\/www.psychologies.be\\\/fr\\\/adresse\\\/conference-larbre-de-vie-dr-arkady-petrov\\\/#primaryimage\"},\"image\":{\"@id\":\"https:\\\/\\\/www.psychologies.be\\\/fr\\\/adresse\\\/conference-larbre-de-vie-dr-arkady-petrov\\\/#primaryimage\"},\"thumbnailUrl\":\"https:\\\/\\\/www.psychologies.be\\\/fr\\\/wp-content\\\/uploads\\\/2018\\\/09\\\/larbre-de-vie.jpg\",\"datePublished\":\"2018-09-21T12:08:09+00:00\",\"dateModified\":\"2019-09-02T10:05:43+00:00\",\"breadcrumb\":{\"@id\":\"https:\\\/\\\/www.psychologies.be\\\/fr\\\/adresse\\\/conference-larbre-de-vie-dr-arkady-petrov\\\/#breadcrumb\"},\"inLanguage\":\"fr-FR\",\"potentialAction\":[{\"@type\":\"ReadAction\",\"target\":[\"https:\\\/\\\/www.psychologies.be\\\/fr\\\/adresse\\\/conference-larbre-de-vie-dr-arkady-petrov\\\/\"]}]},{\"@type\":\"ImageObject\",\"inLanguage\":\"fr-FR\",\"@id\":\"https:\\\/\\\/www.psychologies.be\\\/fr\\\/adresse\\\/conference-larbre-de-vie-dr-arkady-petrov\\\/#primaryimage\",\"url\":\"https:\\\/\\\/www.psychologies.be\\\/fr\\\/wp-content\\\/uploads\\\/2018\\\/09\\\/larbre-de-vie.jpg\",\"contentUrl\":\"https:\\\/\\\/www.psychologies.be\\\/fr\\\/wp-content\\\/uploads\\\/2018\\\/09\\\/larbre-de-vie.jpg\",\"width\":300,\"height\":157},{\"@type\":\"BreadcrumbList\",\"@id\":\"https:\\\/\\\/www.psychologies.be\\\/fr\\\/adresse\\\/conference-larbre-de-vie-dr-arkady-petrov\\\/#breadcrumb\",\"itemListElement\":[{\"@type\":\"ListItem\",\"position\":1,\"name\":\"Home\",\"item\":\"https:\\\/\\\/www.psychologies.be\\\/fr\\\/\"},{\"@type\":\"ListItem\",\"position\":2,\"name\":\"Adresses\",\"item\":\"https:\\\/\\\/www.psychologies.be\\\/fr\\\/adresse\\\/\"},{\"@type\":\"ListItem\",\"position\":3,\"name\":\"Conf\u00e9rence L&#8217;arbre de vie &#8211; Dr Arkady PETROV\"}]},{\"@type\":\"WebSite\",\"@id\":\"https:\\\/\\\/www.psychologies.be\\\/fr\\\/#website\",\"url\":\"https:\\\/\\\/www.psychologies.be\\\/fr\\\/\",\"name\":\"Psychologies Belgique\",\"description\":\"Psychologie, mieux se conna\u00eetre pour mieux vivre sa vie\",\"publisher\":{\"@id\":\"https:\\\/\\\/www.psychologies.be\\\/fr\\\/#organization\"},\"potentialAction\":[{\"@type\":\"SearchAction\",\"target\":{\"@type\":\"EntryPoint\",\"urlTemplate\":\"https:\\\/\\\/www.psychologies.be\\\/fr\\\/?s={search_term_string}\"},\"query-input\":{\"@type\":\"PropertyValueSpecification\",\"valueRequired\":true,\"valueName\":\"search_term_string\"}}],\"inLanguage\":\"fr-FR\"},{\"@type\":\"Organization\",\"@id\":\"https:\\\/\\\/www.psychologies.be\\\/fr\\\/#organization\",\"name\":\"Psychologies Belgique\",\"url\":\"https:\\\/\\\/www.psychologies.be\\\/fr\\\/\",\"logo\":{\"@type\":\"ImageObject\",\"inLanguage\":\"fr-FR\",\"@id\":\"https:\\\/\\\/www.psychologies.be\\\/fr\\\/#\\\/schema\\\/logo\\\/image\\\/\",\"url\":\"https:\\\/\\\/www.psychologies.be\\\/fr\\\/wp-content\\\/uploads\\\/2025\\\/03\\\/psychologies-be.png\",\"contentUrl\":\"https:\\\/\\\/www.psychologies.be\\\/fr\\\/wp-content\\\/uploads\\\/2025\\\/03\\\/psychologies-be.png\",\"width\":696,\"height\":696,\"caption\":\"Psychologies Belgique\"},\"image\":{\"@id\":\"https:\\\/\\\/www.psychologies.be\\\/fr\\\/#\\\/schema\\\/logo\\\/image\\\/\"},\"sameAs\":[\"https:\\\/\\\/www.facebook.com\\\/Psychologies\"]}]}<\/script>\n<!-- \/ Yoast SEO plugin. -->","yoast_head_json":{"title":"Conf\u00e9rence L'arbre de vie - Dr Arkady PETROV | Psychologies Belgique","robots":{"index":"noindex","follow":"follow"},"og_locale":"fr_FR","og_type":"article","og_title":"Conf\u00e9rence L'arbre de vie - Dr Arkady PETROV | Psychologies Belgique","og_url":"https:\/\/www.psychologies.be\/fr\/adresse\/conference-larbre-de-vie-dr-arkady-petrov\/","og_site_name":"Psychologies Belgique","article_publisher":"https:\/\/www.facebook.com\/Psychologies","article_modified_time":"2019-09-02T10:05:43+00:00","og_image":[{"width":300,"height":157,"url":"https:\/\/www.psychologies.be\/fr\/wp-content\/uploads\/2018\/09\/larbre-de-vie.jpg","type":"image\/jpeg"}],"twitter_card":"summary_large_image","schema":{"@context":"https:\/\/schema.org","@graph":[{"@type":"WebPage","@id":"https:\/\/www.psychologies.be\/fr\/adresse\/conference-larbre-de-vie-dr-arkady-petrov\/","url":"https:\/\/www.psychologies.be\/fr\/adresse\/conference-larbre-de-vie-dr-arkady-petrov\/","name":"Conf\u00e9rence L'arbre de vie - Dr Arkady PETROV | Psychologies Belgique","isPartOf":{"@id":"https:\/\/www.psychologies.be\/fr\/#website"},"primaryImageOfPage":{"@id":"https:\/\/www.psychologies.be\/fr\/adresse\/conference-larbre-de-vie-dr-arkady-petrov\/#primaryimage"},"image":{"@id":"https:\/\/www.psychologies.be\/fr\/adresse\/conference-larbre-de-vie-dr-arkady-petrov\/#primaryimage"},"thumbnailUrl":"https:\/\/www.psychologies.be\/fr\/wp-content\/uploads\/2018\/09\/larbre-de-vie.jpg","datePublished":"2018-09-21T12:08:09+00:00","dateModified":"2019-09-02T10:05:43+00:00","breadcrumb":{"@id":"https:\/\/www.psychologies.be\/fr\/adresse\/conference-larbre-de-vie-dr-arkady-petrov\/#breadcrumb"},"inLanguage":"fr-FR","potentialAction":[{"@type":"ReadAction","target":["https:\/\/www.psychologies.be\/fr\/adresse\/conference-larbre-de-vie-dr-arkady-petrov\/"]}]},{"@type":"ImageObject","inLanguage":"fr-FR","@id":"https:\/\/www.psychologies.be\/fr\/adresse\/conference-larbre-de-vie-dr-arkady-petrov\/#primaryimage","url":"https:\/\/www.psychologies.be\/fr\/wp-content\/uploads\/2018\/09\/larbre-de-vie.jpg","contentUrl":"https:\/\/www.psychologies.be\/fr\/wp-content\/uploads\/2018\/09\/larbre-de-vie.jpg","width":300,"height":157},{"@type":"BreadcrumbList","@id":"https:\/\/www.psychologies.be\/fr\/adresse\/conference-larbre-de-vie-dr-arkady-petrov\/#breadcrumb","itemListElement":[{"@type":"ListItem","position":1,"name":"Home","item":"https:\/\/www.psychologies.be\/fr\/"},{"@type":"ListItem","position":2,"name":"Adresses","item":"https:\/\/www.psychologies.be\/fr\/adresse\/"},{"@type":"ListItem","position":3,"name":"Conf\u00e9rence L&#8217;arbre de vie &#8211; Dr Arkady PETROV"}]},{"@type":"WebSite","@id":"https:\/\/www.psychologies.be\/fr\/#website","url":"https:\/\/www.psychologies.be\/fr\/","name":"Psychologies Belgique","description":"Psychologie, mieux se conna\u00eetre pour mieux vivre sa vie","publisher":{"@id":"https:\/\/www.psychologies.be\/fr\/#organization"},"potentialAction":[{"@type":"SearchAction","target":{"@type":"EntryPoint","urlTemplate":"https:\/\/www.psychologies.be\/fr\/?s={search_term_string}"},"query-input":{"@type":"PropertyValueSpecification","valueRequired":true,"valueName":"search_term_string"}}],"inLanguage":"fr-FR"},{"@type":"Organization","@id":"https:\/\/www.psychologies.be\/fr\/#organization","name":"Psychologies Belgique","url":"https:\/\/www.psychologies.be\/fr\/","logo":{"@type":"ImageObject","inLanguage":"fr-FR","@id":"https:\/\/www.psychologies.be\/fr\/#\/schema\/logo\/image\/","url":"https:\/\/www.psychologies.be\/fr\/wp-content\/uploads\/2025\/03\/psychologies-be.png","contentUrl":"https:\/\/www.psychologies.be\/fr\/wp-content\/uploads\/2025\/03\/psychologies-be.png","width":696,"height":696,"caption":"Psychologies Belgique"},"image":{"@id":"https:\/\/www.psychologies.be\/fr\/#\/schema\/logo\/image\/"},"sameAs":["https:\/\/www.facebook.com\/Psychologies"]}]}},"_links":{"self":[{"href":"https:\/\/www.psychologies.be\/fr\/wp-json\/wp\/v2\/adresses-api\/6186","targetHints":{"allow":["GET"]}}],"collection":[{"href":"https:\/\/www.psychologies.be\/fr\/wp-json\/wp\/v2\/adresses-api"}],"about":[{"href":"https:\/\/www.psychologies.be\/fr\/wp-json\/wp\/v2\/types\/adresse"}],"author":[{"embeddable":true,"href":"https:\/\/www.psychologies.be\/fr\/wp-json\/wp\/v2\/users\/5"}],"version-history":[{"count":0,"href":"https:\/\/www.psychologies.be\/fr\/wp-json\/wp\/v2\/adresses-api\/6186\/revisions"}],"wp:featuredmedia":[{"embeddable":true,"href":"https:\/\/www.psychologies.be\/fr\/wp-json\/wp\/v2\/media\/6187"}],"wp:attachment":[{"href":"https:\/\/www.psychologies.be\/fr\/wp-json\/wp\/v2\/media?parent=6186"}],"curies":[{"name":"wp","href":"https:\/\/api.w.org\/{rel}","templated":true}]}}

Conférence L&#8217;arbre de vie &#8211; Dr Arkady PETROV

<p>Pour la première fois en Belgique, le Dr Arkady Petrov viendra le 17 octobre 2018 à l’Espace CREAGORA, salle EOLE, rue de Fernelmont 40-42 à 5020 Champion – Parking P42 (accès piéton via P40). une conférence sur l’enseignement de l’arbre de vie et sur la régénération d’organes. Son enseignement fait appel aux capacités de gestion mentale de l’organisme pour guérir, restaurer et régénérer.<br />
Inscription par payement d&#8217;un montant de 60€/pers sur le compte BE69 3601 0812 3478. Plus d&#8217;informations : 0497/36.64.29</p>

Conférence L'arbre de vie - Dr Arkady PETROV -l’Espace CREAGORA,5020 Champion.

Espace CREAGORA, salle EOLE, rue de Fernelmont 40-42 à 5020 Champion – Parking P42 (accès piéton via P40)

<!-- This site is optimized with the Yoast SEO plugin v27.3 - https://yoast.com/product/yoast-seo-wordpress/ -->
<title>Conférence L&#039;arbre de vie - Dr Arkady PETROV | Psychologies Belgique</title>
<meta name="robots" content="noindex, follow" />
<meta property="og:locale" content="fr_FR" />
<meta property="og:type" content="article" />
<meta property="og:title" content="Conférence L&#039;arbre de vie - Dr Arkady PETROV | Psychologies Belgique" />
<meta property="og:url" content="https://www.psychologies.be/fr/adresse/conference-larbre-de-vie-dr-arkady-petrov/" />
<meta property="og:site_name" content="Psychologies Belgique" />
<meta property="article:publisher" content="https://www.facebook.com/Psychologies" />
<meta property="article:modified_time" content="2019-09-02T10:05:43+00:00" />
<meta property="og:image" content="https://www.psychologies.be/fr/wp-content/uploads/2018/09/larbre-de-vie.jpg" />
	<meta property="og:image:width" content="300" />
	<meta property="og:image:height" content="157" />
	<meta property="og:image:type" content="image/jpeg" />
<meta name="twitter:card" content="summary_large_image" />
<script type="application/ld+json" class="yoast-schema-graph">{"@context":"https:\/\/schema.org","@graph":[{"@type":"WebPage","@id":"https:\/\/www.psychologies.be\/fr\/adresse\/conference-larbre-de-vie-dr-arkady-petrov\/","url":"https:\/\/www.psychologies.be\/fr\/adresse\/conference-larbre-de-vie-dr-arkady-petrov\/","name":"Conférence L'arbre de vie - Dr Arkady PETROV | Psychologies Belgique","isPartOf":{"@id":"https:\/\/www.psychologies.be\/fr\/#website"},"primaryImageOfPage":{"@id":"https:\/\/www.psychologies.be\/fr\/adresse\/conference-larbre-de-vie-dr-arkady-petrov\/#primaryimage"},"image":{"@id":"https:\/\/www.psychologies.be\/fr\/adresse\/conference-larbre-de-vie-dr-arkady-petrov\/#primaryimage"},"thumbnailUrl":"https:\/\/www.psychologies.be\/fr\/wp-content\/uploads\/2018\/09\/larbre-de-vie.jpg","datePublished":"2018-09-21T12:08:09+00:00","dateModified":"2019-09-02T10:05:43+00:00","breadcrumb":{"@id":"https:\/\/www.psychologies.be\/fr\/adresse\/conference-larbre-de-vie-dr-arkady-petrov\/#breadcrumb"},"inLanguage":"fr-FR","potentialAction":[{"@type":"ReadAction","target":["https:\/\/www.psychologies.be\/fr\/adresse\/conference-larbre-de-vie-dr-arkady-petrov\/"]}]},{"@type":"ImageObject","inLanguage":"fr-FR","@id":"https:\/\/www.psychologies.be\/fr\/adresse\/conference-larbre-de-vie-dr-arkady-petrov\/#primaryimage","url":"https:\/\/www.psychologies.be\/fr\/wp-content\/uploads\/2018\/09\/larbre-de-vie.jpg","contentUrl":"https:\/\/www.psychologies.be\/fr\/wp-content\/uploads\/2018\/09\/larbre-de-vie.jpg","width":300,"height":157},{"@type":"BreadcrumbList","@id":"https:\/\/www.psychologies.be\/fr\/adresse\/conference-larbre-de-vie-dr-arkady-petrov\/#breadcrumb","itemListElement":[{"@type":"ListItem","position":1,"name":"Home","item":"https:\/\/www.psychologies.be\/fr\/"},{"@type":"ListItem","position":2,"name":"Adresses","item":"https:\/\/www.psychologies.be\/fr\/adresse\/"},{"@type":"ListItem","position":3,"name":"Conférence L&#8217;arbre de vie &#8211; Dr Arkady PETROV"}]},{"@type":"WebSite","@id":"https:\/\/www.psychologies.be\/fr\/#website","url":"https:\/\/www.psychologies.be\/fr\/","name":"Psychologies Belgique","description":"Psychologie, mieux se connaître pour mieux vivre sa vie","publisher":{"@id":"https:\/\/www.psychologies.be\/fr\/#organization"},"potentialAction":[{"@type":"SearchAction","target":{"@type":"EntryPoint","urlTemplate":"https:\/\/www.psychologies.be\/fr\/?s={search_term_string}"},"query-input":{"@type":"PropertyValueSpecification","valueRequired":true,"valueName":"search_term_string"}}],"inLanguage":"fr-FR"},{"@type":"Organization","@id":"https:\/\/www.psychologies.be\/fr\/#organization","name":"Psychologies Belgique","url":"https:\/\/www.psychologies.be\/fr\/","logo":{"@type":"ImageObject","inLanguage":"fr-FR","@id":"https:\/\/www.psychologies.be\/fr\/#\/schema\/logo\/image\/","url":"https:\/\/www.psychologies.be\/fr\/wp-content\/uploads\/2025\/03\/psychologies-be.png","contentUrl":"https:\/\/www.psychologies.be\/fr\/wp-content\/uploads\/2025\/03\/psychologies-be.png","width":696,"height":696,"caption":"Psychologies Belgique"},"image":{"@id":"https:\/\/www.psychologies.be\/fr\/#\/schema\/logo\/image\/"},"sameAs":["https:\/\/www.facebook.com\/Psychologies"]}]}</script>
<!-- / Yoast SEO plugin. -->

Conférence L'arbre de vie - Dr Arkady PETROV | Psychologies Belgique

Psychologie, mieux se connaître pour mieux vivre sa vie
