{"id":7044,"date":"2019-03-06T17:02:38","date_gmt":"2019-03-06T16:02:38","guid":{"rendered":"http:\/\/www.psychologies.be\/com\/?post_type=adresse&#038;p=7044"},"modified":"2019-09-02T12:01:42","modified_gmt":"2019-09-02T10:01:42","slug":"lecole-de-meditation-integrative-apprendre-a-pratiquer-et-a-dispenser","status":"publish","type":"adresse","link":"https:\/\/www.psychologies.be\/fr\/adresse\/lecole-de-meditation-integrative-apprendre-a-pratiquer-et-a-dispenser\/","title":{"rendered":"L\u2019\u00c9cole de M\u00e9ditation Int\u00e9grative : apprendre \u00e0 pratiquer et \u00e0 dispenser"},"content":{"rendered":"","protected":false},"author":22,"featured_media":7046,"template":"","meta":{"_acf_changed":false,"footnotes":""},"class_list":["post-7044","adresse","type-adresse","status-publish","has-post-thumbnail","hentry","Categorie-centres-de-formations"],"acf":{"coeur":false,"random":false,"description":"<p>L\u2019<a href=\"http:\/\/www.meditation-integrative.eu\" target=\"_blank\" rel=\"noopener\">\u00c9cole de M\u00e9ditation Int\u00e9grative<\/a>\u00a0ouvre les inscriptions \u00e0 ses formations de 2 ann\u00e9es au cours desquelles on acquiert une comp\u00e9tence d\u2019\u00ab\u00a0instructeur en m\u00e9ditation\u00a0\u00bb, notamment pour la pratique Mindfulness. Un module bas\u00e9 sur la conscience, une m\u00e9thode de choix pour \u00ab\u00a0g\u00e9rer le stress\u00a0\u00bb et les tensions int\u00e9rieures\u00a0: anxi\u00e9t\u00e9, d\u00e9pression, burn-out et troubles psychosomatiques. Un processus de connaissance de soi profond, dont le Dr Philippe Antoine assure \u2013 entour\u00e9 d\u2019une \u00e9quipe de confiance &#8211; la promotion et l\u2019instruction.\u00a0Une premi\u00e8re session de formation aura lieu le samedi 23 mars; les inscriptions, avec lettre de motivation, doivent se faire via\u00a0<a href=\"mailto:infomedit@gmail.com\" target=\"_blank\" rel=\"noopener\">infomedit@gmail.com<\/a>.\u00a0Un atelier\u00a0: \u00ab\u00a0la Mindfulness en question(s)\u00a0\u00bb aura lieu prochainement&#8221;.<\/p>\n","intro":"Un module bas\u00e9 sur la conscience, une m\u00e9thode de choix pour \u00ab\u00a0g\u00e9rer le stress\u00a0\u00bb et les tensions int\u00e9rieures\u00a0: anxi\u00e9t\u00e9, d\u00e9pression, burn-out et troubles psychosomatiques.","nom_societe":"L'\u00c9cole de M\u00e9ditation Int\u00e9grative","adresse":"Salle de L\u2019Olivier - Rue des Buissons 1 1348 \u2013 Louvain-la-Neuve","site":"www.meditation-integrative.eu","lien_facebook":"","telephone":"+32 491 520\u00a0524","email":"infomedit@gmail.com","number_impressions":""},"_yoast_wpseo_metadesc":null,"_yoast_wpseo_title":null,"yoast_head":"<!-- This site is optimized with the Yoast SEO plugin v27.3 - https:\/\/yoast.com\/product\/yoast-seo-wordpress\/ -->\n<title>L\u2019\u00c9cole de M\u00e9ditation Int\u00e9grative : apprendre \u00e0 pratiquer et \u00e0 dispenser | Psychologies Belgique<\/title>\n<meta name=\"robots\" content=\"noindex, follow\" \/>\n<meta property=\"og:locale\" content=\"fr_FR\" \/>\n<meta property=\"og:type\" content=\"article\" \/>\n<meta property=\"og:title\" content=\"L\u2019\u00c9cole de M\u00e9ditation Int\u00e9grative : apprendre \u00e0 pratiquer et \u00e0 dispenser | Psychologies Belgique\" \/>\n<meta property=\"og:url\" content=\"https:\/\/www.psychologies.be\/fr\/adresse\/lecole-de-meditation-integrative-apprendre-a-pratiquer-et-a-dispenser\/\" \/>\n<meta property=\"og:site_name\" content=\"Psychologies Belgique\" \/>\n<meta property=\"article:publisher\" content=\"https:\/\/www.facebook.com\/Psychologies\" \/>\n<meta property=\"article:modified_time\" content=\"2019-09-02T10:01:42+00:00\" \/>\n<meta property=\"og:image\" content=\"https:\/\/www.psychologies.be\/fr\/wp-content\/uploads\/2015\/03\/medicomedit_annonce.jpg\" \/>\n\t<meta property=\"og:image:width\" content=\"690\" \/>\n\t<meta property=\"og:image:height\" content=\"362\" \/>\n\t<meta property=\"og:image:type\" content=\"image\/jpeg\" \/>\n<meta name=\"twitter:card\" content=\"summary_large_image\" \/>\n<script type=\"application\/ld+json\" class=\"yoast-schema-graph\">{\"@context\":\"https:\\\/\\\/schema.org\",\"@graph\":[{\"@type\":\"WebPage\",\"@id\":\"https:\\\/\\\/www.psychologies.be\\\/fr\\\/adresse\\\/lecole-de-meditation-integrative-apprendre-a-pratiquer-et-a-dispenser\\\/\",\"url\":\"https:\\\/\\\/www.psychologies.be\\\/fr\\\/adresse\\\/lecole-de-meditation-integrative-apprendre-a-pratiquer-et-a-dispenser\\\/\",\"name\":\"L\u2019\u00c9cole de M\u00e9ditation Int\u00e9grative : apprendre \u00e0 pratiquer et \u00e0 dispenser | Psychologies Belgique\",\"isPartOf\":{\"@id\":\"https:\\\/\\\/www.psychologies.be\\\/fr\\\/#website\"},\"primaryImageOfPage\":{\"@id\":\"https:\\\/\\\/www.psychologies.be\\\/fr\\\/adresse\\\/lecole-de-meditation-integrative-apprendre-a-pratiquer-et-a-dispenser\\\/#primaryimage\"},\"image\":{\"@id\":\"https:\\\/\\\/www.psychologies.be\\\/fr\\\/adresse\\\/lecole-de-meditation-integrative-apprendre-a-pratiquer-et-a-dispenser\\\/#primaryimage\"},\"thumbnailUrl\":\"https:\\\/\\\/www.psychologies.be\\\/fr\\\/wp-content\\\/uploads\\\/2015\\\/03\\\/medicomedit_annonce.jpg\",\"datePublished\":\"2019-03-06T16:02:38+00:00\",\"dateModified\":\"2019-09-02T10:01:42+00:00\",\"breadcrumb\":{\"@id\":\"https:\\\/\\\/www.psychologies.be\\\/fr\\\/adresse\\\/lecole-de-meditation-integrative-apprendre-a-pratiquer-et-a-dispenser\\\/#breadcrumb\"},\"inLanguage\":\"fr-FR\",\"potentialAction\":[{\"@type\":\"ReadAction\",\"target\":[\"https:\\\/\\\/www.psychologies.be\\\/fr\\\/adresse\\\/lecole-de-meditation-integrative-apprendre-a-pratiquer-et-a-dispenser\\\/\"]}]},{\"@type\":\"ImageObject\",\"inLanguage\":\"fr-FR\",\"@id\":\"https:\\\/\\\/www.psychologies.be\\\/fr\\\/adresse\\\/lecole-de-meditation-integrative-apprendre-a-pratiquer-et-a-dispenser\\\/#primaryimage\",\"url\":\"https:\\\/\\\/www.psychologies.be\\\/fr\\\/wp-content\\\/uploads\\\/2015\\\/03\\\/medicomedit_annonce.jpg\",\"contentUrl\":\"https:\\\/\\\/www.psychologies.be\\\/fr\\\/wp-content\\\/uploads\\\/2015\\\/03\\\/medicomedit_annonce.jpg\",\"width\":690,\"height\":362},{\"@type\":\"BreadcrumbList\",\"@id\":\"https:\\\/\\\/www.psychologies.be\\\/fr\\\/adresse\\\/lecole-de-meditation-integrative-apprendre-a-pratiquer-et-a-dispenser\\\/#breadcrumb\",\"itemListElement\":[{\"@type\":\"ListItem\",\"position\":1,\"name\":\"Home\",\"item\":\"https:\\\/\\\/www.psychologies.be\\\/fr\\\/\"},{\"@type\":\"ListItem\",\"position\":2,\"name\":\"Adresses\",\"item\":\"https:\\\/\\\/www.psychologies.be\\\/fr\\\/adresse\\\/\"},{\"@type\":\"ListItem\",\"position\":3,\"name\":\"L\u2019\u00c9cole de M\u00e9ditation Int\u00e9grative : apprendre \u00e0 pratiquer et \u00e0 dispenser\"}]},{\"@type\":\"WebSite\",\"@id\":\"https:\\\/\\\/www.psychologies.be\\\/fr\\\/#website\",\"url\":\"https:\\\/\\\/www.psychologies.be\\\/fr\\\/\",\"name\":\"Psychologies Belgique\",\"description\":\"Psychologie, mieux se conna\u00eetre pour mieux vivre sa vie\",\"publisher\":{\"@id\":\"https:\\\/\\\/www.psychologies.be\\\/fr\\\/#organization\"},\"potentialAction\":[{\"@type\":\"SearchAction\",\"target\":{\"@type\":\"EntryPoint\",\"urlTemplate\":\"https:\\\/\\\/www.psychologies.be\\\/fr\\\/?s={search_term_string}\"},\"query-input\":{\"@type\":\"PropertyValueSpecification\",\"valueRequired\":true,\"valueName\":\"search_term_string\"}}],\"inLanguage\":\"fr-FR\"},{\"@type\":\"Organization\",\"@id\":\"https:\\\/\\\/www.psychologies.be\\\/fr\\\/#organization\",\"name\":\"Psychologies Belgique\",\"url\":\"https:\\\/\\\/www.psychologies.be\\\/fr\\\/\",\"logo\":{\"@type\":\"ImageObject\",\"inLanguage\":\"fr-FR\",\"@id\":\"https:\\\/\\\/www.psychologies.be\\\/fr\\\/#\\\/schema\\\/logo\\\/image\\\/\",\"url\":\"https:\\\/\\\/www.psychologies.be\\\/fr\\\/wp-content\\\/uploads\\\/2025\\\/03\\\/psychologies-be.png\",\"contentUrl\":\"https:\\\/\\\/www.psychologies.be\\\/fr\\\/wp-content\\\/uploads\\\/2025\\\/03\\\/psychologies-be.png\",\"width\":696,\"height\":696,\"caption\":\"Psychologies Belgique\"},\"image\":{\"@id\":\"https:\\\/\\\/www.psychologies.be\\\/fr\\\/#\\\/schema\\\/logo\\\/image\\\/\"},\"sameAs\":[\"https:\\\/\\\/www.facebook.com\\\/Psychologies\"]}]}<\/script>\n<!-- \/ Yoast SEO plugin. -->","yoast_head_json":{"title":"L\u2019\u00c9cole de M\u00e9ditation Int\u00e9grative : apprendre \u00e0 pratiquer et \u00e0 dispenser | Psychologies Belgique","robots":{"index":"noindex","follow":"follow"},"og_locale":"fr_FR","og_type":"article","og_title":"L\u2019\u00c9cole de M\u00e9ditation Int\u00e9grative : apprendre \u00e0 pratiquer et \u00e0 dispenser | Psychologies Belgique","og_url":"https:\/\/www.psychologies.be\/fr\/adresse\/lecole-de-meditation-integrative-apprendre-a-pratiquer-et-a-dispenser\/","og_site_name":"Psychologies Belgique","article_publisher":"https:\/\/www.facebook.com\/Psychologies","article_modified_time":"2019-09-02T10:01:42+00:00","og_image":[{"width":690,"height":362,"url":"https:\/\/www.psychologies.be\/fr\/wp-content\/uploads\/2015\/03\/medicomedit_annonce.jpg","type":"image\/jpeg"}],"twitter_card":"summary_large_image","schema":{"@context":"https:\/\/schema.org","@graph":[{"@type":"WebPage","@id":"https:\/\/www.psychologies.be\/fr\/adresse\/lecole-de-meditation-integrative-apprendre-a-pratiquer-et-a-dispenser\/","url":"https:\/\/www.psychologies.be\/fr\/adresse\/lecole-de-meditation-integrative-apprendre-a-pratiquer-et-a-dispenser\/","name":"L\u2019\u00c9cole de M\u00e9ditation Int\u00e9grative : apprendre \u00e0 pratiquer et \u00e0 dispenser | Psychologies Belgique","isPartOf":{"@id":"https:\/\/www.psychologies.be\/fr\/#website"},"primaryImageOfPage":{"@id":"https:\/\/www.psychologies.be\/fr\/adresse\/lecole-de-meditation-integrative-apprendre-a-pratiquer-et-a-dispenser\/#primaryimage"},"image":{"@id":"https:\/\/www.psychologies.be\/fr\/adresse\/lecole-de-meditation-integrative-apprendre-a-pratiquer-et-a-dispenser\/#primaryimage"},"thumbnailUrl":"https:\/\/www.psychologies.be\/fr\/wp-content\/uploads\/2015\/03\/medicomedit_annonce.jpg","datePublished":"2019-03-06T16:02:38+00:00","dateModified":"2019-09-02T10:01:42+00:00","breadcrumb":{"@id":"https:\/\/www.psychologies.be\/fr\/adresse\/lecole-de-meditation-integrative-apprendre-a-pratiquer-et-a-dispenser\/#breadcrumb"},"inLanguage":"fr-FR","potentialAction":[{"@type":"ReadAction","target":["https:\/\/www.psychologies.be\/fr\/adresse\/lecole-de-meditation-integrative-apprendre-a-pratiquer-et-a-dispenser\/"]}]},{"@type":"ImageObject","inLanguage":"fr-FR","@id":"https:\/\/www.psychologies.be\/fr\/adresse\/lecole-de-meditation-integrative-apprendre-a-pratiquer-et-a-dispenser\/#primaryimage","url":"https:\/\/www.psychologies.be\/fr\/wp-content\/uploads\/2015\/03\/medicomedit_annonce.jpg","contentUrl":"https:\/\/www.psychologies.be\/fr\/wp-content\/uploads\/2015\/03\/medicomedit_annonce.jpg","width":690,"height":362},{"@type":"BreadcrumbList","@id":"https:\/\/www.psychologies.be\/fr\/adresse\/lecole-de-meditation-integrative-apprendre-a-pratiquer-et-a-dispenser\/#breadcrumb","itemListElement":[{"@type":"ListItem","position":1,"name":"Home","item":"https:\/\/www.psychologies.be\/fr\/"},{"@type":"ListItem","position":2,"name":"Adresses","item":"https:\/\/www.psychologies.be\/fr\/adresse\/"},{"@type":"ListItem","position":3,"name":"L\u2019\u00c9cole de M\u00e9ditation Int\u00e9grative : apprendre \u00e0 pratiquer et \u00e0 dispenser"}]},{"@type":"WebSite","@id":"https:\/\/www.psychologies.be\/fr\/#website","url":"https:\/\/www.psychologies.be\/fr\/","name":"Psychologies Belgique","description":"Psychologie, mieux se conna\u00eetre pour mieux vivre sa vie","publisher":{"@id":"https:\/\/www.psychologies.be\/fr\/#organization"},"potentialAction":[{"@type":"SearchAction","target":{"@type":"EntryPoint","urlTemplate":"https:\/\/www.psychologies.be\/fr\/?s={search_term_string}"},"query-input":{"@type":"PropertyValueSpecification","valueRequired":true,"valueName":"search_term_string"}}],"inLanguage":"fr-FR"},{"@type":"Organization","@id":"https:\/\/www.psychologies.be\/fr\/#organization","name":"Psychologies Belgique","url":"https:\/\/www.psychologies.be\/fr\/","logo":{"@type":"ImageObject","inLanguage":"fr-FR","@id":"https:\/\/www.psychologies.be\/fr\/#\/schema\/logo\/image\/","url":"https:\/\/www.psychologies.be\/fr\/wp-content\/uploads\/2025\/03\/psychologies-be.png","contentUrl":"https:\/\/www.psychologies.be\/fr\/wp-content\/uploads\/2025\/03\/psychologies-be.png","width":696,"height":696,"caption":"Psychologies Belgique"},"image":{"@id":"https:\/\/www.psychologies.be\/fr\/#\/schema\/logo\/image\/"},"sameAs":["https:\/\/www.facebook.com\/Psychologies"]}]}},"_links":{"self":[{"href":"https:\/\/www.psychologies.be\/fr\/wp-json\/wp\/v2\/adresses-api\/7044","targetHints":{"allow":["GET"]}}],"collection":[{"href":"https:\/\/www.psychologies.be\/fr\/wp-json\/wp\/v2\/adresses-api"}],"about":[{"href":"https:\/\/www.psychologies.be\/fr\/wp-json\/wp\/v2\/types\/adresse"}],"author":[{"embeddable":true,"href":"https:\/\/www.psychologies.be\/fr\/wp-json\/wp\/v2\/users\/22"}],"version-history":[{"count":0,"href":"https:\/\/www.psychologies.be\/fr\/wp-json\/wp\/v2\/adresses-api\/7044\/revisions"}],"wp:featuredmedia":[{"embeddable":true,"href":"https:\/\/www.psychologies.be\/fr\/wp-json\/wp\/v2\/media\/7046"}],"wp:attachment":[{"href":"https:\/\/www.psychologies.be\/fr\/wp-json\/wp\/v2\/media?parent=7044"}],"curies":[{"name":"wp","href":"https:\/\/api.w.org\/{rel}","templated":true}]}}

L’École de Méditation Intégrative : apprendre à pratiquer et à dispenser

<p>L’<a href="http://www.meditation-integrative.eu" target="_blank" rel="noopener">École de Méditation Intégrative</a> ouvre les inscriptions à ses formations de 2 années au cours desquelles on acquiert une compétence d’« instructeur en méditation », notamment pour la pratique Mindfulness. Un module basé sur la conscience, une méthode de choix pour « gérer le stress » et les tensions intérieures : anxiété, dépression, burn-out et troubles psychosomatiques. Un processus de connaissance de soi profond, dont le Dr Philippe Antoine assure – entouré d’une équipe de confiance &#8211; la promotion et l’instruction. Une première session de formation aura lieu le samedi 23 mars; les inscriptions, avec lettre de motivation, doivent se faire via <a href="mailto:infomedit@gmail.com" target="_blank" rel="noopener">infomedit@gmail.com</a>. Un atelier : « la Mindfulness en question(s) » aura lieu prochainement&#8221;.</p>

Un module basé sur la conscience, une méthode de choix pour « gérer le stress » et les tensions intérieures : anxiété, dépression, burn-out et troubles psychosomatiques.

L'École de Méditation Intégrative

<!-- This site is optimized with the Yoast SEO plugin v27.3 - https://yoast.com/product/yoast-seo-wordpress/ -->
<title>L’École de Méditation Intégrative : apprendre à pratiquer et à dispenser | Psychologies Belgique</title>
<meta name="robots" content="noindex, follow" />
<meta property="og:locale" content="fr_FR" />
<meta property="og:type" content="article" />
<meta property="og:title" content="L’École de Méditation Intégrative : apprendre à pratiquer et à dispenser | Psychologies Belgique" />
<meta property="og:url" content="https://www.psychologies.be/fr/adresse/lecole-de-meditation-integrative-apprendre-a-pratiquer-et-a-dispenser/" />
<meta property="og:site_name" content="Psychologies Belgique" />
<meta property="article:publisher" content="https://www.facebook.com/Psychologies" />
<meta property="article:modified_time" content="2019-09-02T10:01:42+00:00" />
<meta property="og:image" content="https://www.psychologies.be/fr/wp-content/uploads/2015/03/medicomedit_annonce.jpg" />
	<meta property="og:image:width" content="690" />
	<meta property="og:image:height" content="362" />
	<meta property="og:image:type" content="image/jpeg" />
<meta name="twitter:card" content="summary_large_image" />
<script type="application/ld+json" class="yoast-schema-graph">{"@context":"https:\/\/schema.org","@graph":[{"@type":"WebPage","@id":"https:\/\/www.psychologies.be\/fr\/adresse\/lecole-de-meditation-integrative-apprendre-a-pratiquer-et-a-dispenser\/","url":"https:\/\/www.psychologies.be\/fr\/adresse\/lecole-de-meditation-integrative-apprendre-a-pratiquer-et-a-dispenser\/","name":"L’École de Méditation Intégrative : apprendre à pratiquer et à dispenser | Psychologies Belgique","isPartOf":{"@id":"https:\/\/www.psychologies.be\/fr\/#website"},"primaryImageOfPage":{"@id":"https:\/\/www.psychologies.be\/fr\/adresse\/lecole-de-meditation-integrative-apprendre-a-pratiquer-et-a-dispenser\/#primaryimage"},"image":{"@id":"https:\/\/www.psychologies.be\/fr\/adresse\/lecole-de-meditation-integrative-apprendre-a-pratiquer-et-a-dispenser\/#primaryimage"},"thumbnailUrl":"https:\/\/www.psychologies.be\/fr\/wp-content\/uploads\/2015\/03\/medicomedit_annonce.jpg","datePublished":"2019-03-06T16:02:38+00:00","dateModified":"2019-09-02T10:01:42+00:00","breadcrumb":{"@id":"https:\/\/www.psychologies.be\/fr\/adresse\/lecole-de-meditation-integrative-apprendre-a-pratiquer-et-a-dispenser\/#breadcrumb"},"inLanguage":"fr-FR","potentialAction":[{"@type":"ReadAction","target":["https:\/\/www.psychologies.be\/fr\/adresse\/lecole-de-meditation-integrative-apprendre-a-pratiquer-et-a-dispenser\/"]}]},{"@type":"ImageObject","inLanguage":"fr-FR","@id":"https:\/\/www.psychologies.be\/fr\/adresse\/lecole-de-meditation-integrative-apprendre-a-pratiquer-et-a-dispenser\/#primaryimage","url":"https:\/\/www.psychologies.be\/fr\/wp-content\/uploads\/2015\/03\/medicomedit_annonce.jpg","contentUrl":"https:\/\/www.psychologies.be\/fr\/wp-content\/uploads\/2015\/03\/medicomedit_annonce.jpg","width":690,"height":362},{"@type":"BreadcrumbList","@id":"https:\/\/www.psychologies.be\/fr\/adresse\/lecole-de-meditation-integrative-apprendre-a-pratiquer-et-a-dispenser\/#breadcrumb","itemListElement":[{"@type":"ListItem","position":1,"name":"Home","item":"https:\/\/www.psychologies.be\/fr\/"},{"@type":"ListItem","position":2,"name":"Adresses","item":"https:\/\/www.psychologies.be\/fr\/adresse\/"},{"@type":"ListItem","position":3,"name":"L’École de Méditation Intégrative : apprendre à pratiquer et à dispenser"}]},{"@type":"WebSite","@id":"https:\/\/www.psychologies.be\/fr\/#website","url":"https:\/\/www.psychologies.be\/fr\/","name":"Psychologies Belgique","description":"Psychologie, mieux se connaître pour mieux vivre sa vie","publisher":{"@id":"https:\/\/www.psychologies.be\/fr\/#organization"},"potentialAction":[{"@type":"SearchAction","target":{"@type":"EntryPoint","urlTemplate":"https:\/\/www.psychologies.be\/fr\/?s={search_term_string}"},"query-input":{"@type":"PropertyValueSpecification","valueRequired":true,"valueName":"search_term_string"}}],"inLanguage":"fr-FR"},{"@type":"Organization","@id":"https:\/\/www.psychologies.be\/fr\/#organization","name":"Psychologies Belgique","url":"https:\/\/www.psychologies.be\/fr\/","logo":{"@type":"ImageObject","inLanguage":"fr-FR","@id":"https:\/\/www.psychologies.be\/fr\/#\/schema\/logo\/image\/","url":"https:\/\/www.psychologies.be\/fr\/wp-content\/uploads\/2025\/03\/psychologies-be.png","contentUrl":"https:\/\/www.psychologies.be\/fr\/wp-content\/uploads\/2025\/03\/psychologies-be.png","width":696,"height":696,"caption":"Psychologies Belgique"},"image":{"@id":"https:\/\/www.psychologies.be\/fr\/#\/schema\/logo\/image\/"},"sameAs":["https:\/\/www.facebook.com\/Psychologies"]}]}</script>
<!-- / Yoast SEO plugin. -->

L’École de Méditation Intégrative : apprendre à pratiquer et à dispenser | Psychologies Belgique

Psychologie, mieux se connaître pour mieux vivre sa vie
