{"id":8313,"date":"2020-02-03T14:16:00","date_gmt":"2020-02-03T13:16:00","guid":{"rendered":"http:\/\/www.psychologies.be\/com\/?post_type=adresse&#038;p=8313"},"modified":"2020-02-14T13:53:38","modified_gmt":"2020-02-14T12:53:38","slug":"embarquez-vers-votre-bien-etre-grace-au-voyage-interieur","status":"publish","type":"adresse","link":"https:\/\/www.psychologies.be\/fr\/adresse\/embarquez-vers-votre-bien-etre-grace-au-voyage-interieur\/","title":{"rendered":"Embarquez vers votre bien-\u00eatre gr\u00e2ce au Voyage Int\u00e9rieur"},"content":{"rendered":"","protected":false},"author":22,"featured_media":8314,"template":"","meta":{"_acf_changed":false,"footnotes":""},"class_list":["post-8313","adresse","type-adresse","status-publish","has-post-thumbnail","hentry","Categorie-approche-psycho-corporelle"],"acf":{"coeur":false,"random":true,"description":"<p>Durant une journ\u00e9e ou un week-end, venez (re)d\u00e9couvrir les bienfaits du toucher et apprendre \u00e0 cuisiner les plantes sauvages m\u00e9dicinales comestibles de nos r\u00e9gions pour b\u00e9n\u00e9ficier de leurs innombrables vertus.<\/p>\n<p><strong>QUOI\u00a0? <\/strong>D\u00e8s le mois d\u2019avril, pour d\u00e9gager la grisaille de l\u2019hiver et retrouver votre lumi\u00e8re int\u00e9rieure, il ne sera pas n\u00e9cessaire de vous envoler pour des terres plus ensoleill\u00e9es. Au printemps, nous vous proposons de (re)d\u00e9couvrir la force bienfaitrice de la stimulation de vos sens et des v\u00e9g\u00e9taux de nos r\u00e9gions aux vertus m\u00e9dicinales.<\/p>\n<p><strong>AVEC QUI\u00a0? <\/strong>Passionn\u00e9e par les bienfaits des plantes sauvages et la cuisine saine, <strong>Isabelle Slinckx<\/strong> est praticienne en th\u00e9rapie psycho-corporelle et form\u00e9e en Relation d&#8217;aide par le toucher et en gestion des traumatismes.<\/p>\n<p><strong>O\u00d9 ET QUAND\u00a0?<\/strong> \u00c0 Hamme-Mille les samedis <strong>25 avril<\/strong>, <strong>2 mai<\/strong>, <strong>30 mai<\/strong>, <strong>27 juin<\/strong>, <strong>18 juillet<\/strong>, <strong>12 septembre<\/strong> et <strong>10 octobre<\/strong> 2020, de <strong>15 \u00e0 20h<\/strong>.<\/p>\n<p><strong>CONTACT ET INSCRIPTIONS\u00a0: <\/strong><\/p>\n<ul>\n<li>T\u00e9l. : 0498 80 37 63<\/li>\n<li>Mail : isabellevoyageinterieur@gmail.com<\/li>\n<li>Page\u00a0<a href=\"https:\/\/www.facebook.com\/levoyageinterieurdisabelle\" target=\"_blank\" rel=\"noopener\">Facebook<\/a><\/li>\n<\/ul>\n<p>&nbsp;<\/p>\n","intro":"Durant une journ\u00e9e ou un week-end, venez (re)d\u00e9couvrir les bienfaits du toucher et apprendre \u00e0 cuisiner les plantes sauvages m\u00e9dicinales comestibles de nos r\u00e9gions pour b\u00e9n\u00e9ficier de leurs innombrables vertus.","nom_societe":"Le voyage int\u00e9rieur","adresse":"","site":"www.levoyageinterieur.net","lien_facebook":"https:\/\/www.facebook.com\/levoyageinterieurdisabelle","telephone":"0498 80 37 63\u00a0","email":"isabellevoyageinterieur@gmail.com\u00a0","number_impressions":""},"_yoast_wpseo_metadesc":null,"_yoast_wpseo_title":null,"yoast_head":"<!-- This site is optimized with the Yoast SEO plugin v27.3 - https:\/\/yoast.com\/product\/yoast-seo-wordpress\/ -->\n<title>Embarquez vers votre bien-\u00eatre gr\u00e2ce au Voyage Int\u00e9rieur | Psychologies Belgique<\/title>\n<meta name=\"robots\" content=\"noindex, follow\" \/>\n<meta property=\"og:locale\" content=\"fr_FR\" \/>\n<meta property=\"og:type\" content=\"article\" \/>\n<meta property=\"og:title\" content=\"Embarquez vers votre bien-\u00eatre gr\u00e2ce au Voyage Int\u00e9rieur | Psychologies Belgique\" \/>\n<meta property=\"og:url\" content=\"https:\/\/www.psychologies.be\/fr\/adresse\/embarquez-vers-votre-bien-etre-grace-au-voyage-interieur\/\" \/>\n<meta property=\"og:site_name\" content=\"Psychologies Belgique\" \/>\n<meta property=\"article:publisher\" content=\"https:\/\/www.facebook.com\/Psychologies\" \/>\n<meta property=\"article:modified_time\" content=\"2020-02-14T12:53:38+00:00\" \/>\n<meta property=\"og:image\" content=\"https:\/\/www.psychologies.be\/fr\/wp-content\/uploads\/2020\/01\/psycho_levoyageinterieur.jpg\" \/>\n\t<meta property=\"og:image:width\" content=\"690\" \/>\n\t<meta property=\"og:image:height\" content=\"362\" \/>\n\t<meta property=\"og:image:type\" content=\"image\/jpeg\" \/>\n<meta name=\"twitter:card\" content=\"summary_large_image\" \/>\n<script type=\"application\/ld+json\" class=\"yoast-schema-graph\">{\"@context\":\"https:\\\/\\\/schema.org\",\"@graph\":[{\"@type\":\"WebPage\",\"@id\":\"https:\\\/\\\/www.psychologies.be\\\/fr\\\/adresse\\\/embarquez-vers-votre-bien-etre-grace-au-voyage-interieur\\\/\",\"url\":\"https:\\\/\\\/www.psychologies.be\\\/fr\\\/adresse\\\/embarquez-vers-votre-bien-etre-grace-au-voyage-interieur\\\/\",\"name\":\"Embarquez vers votre bien-\u00eatre gr\u00e2ce au Voyage Int\u00e9rieur | Psychologies Belgique\",\"isPartOf\":{\"@id\":\"https:\\\/\\\/www.psychologies.be\\\/fr\\\/#website\"},\"primaryImageOfPage\":{\"@id\":\"https:\\\/\\\/www.psychologies.be\\\/fr\\\/adresse\\\/embarquez-vers-votre-bien-etre-grace-au-voyage-interieur\\\/#primaryimage\"},\"image\":{\"@id\":\"https:\\\/\\\/www.psychologies.be\\\/fr\\\/adresse\\\/embarquez-vers-votre-bien-etre-grace-au-voyage-interieur\\\/#primaryimage\"},\"thumbnailUrl\":\"https:\\\/\\\/www.psychologies.be\\\/fr\\\/wp-content\\\/uploads\\\/2020\\\/01\\\/psycho_levoyageinterieur.jpg\",\"datePublished\":\"2020-02-03T13:16:00+00:00\",\"dateModified\":\"2020-02-14T12:53:38+00:00\",\"breadcrumb\":{\"@id\":\"https:\\\/\\\/www.psychologies.be\\\/fr\\\/adresse\\\/embarquez-vers-votre-bien-etre-grace-au-voyage-interieur\\\/#breadcrumb\"},\"inLanguage\":\"fr-FR\",\"potentialAction\":[{\"@type\":\"ReadAction\",\"target\":[\"https:\\\/\\\/www.psychologies.be\\\/fr\\\/adresse\\\/embarquez-vers-votre-bien-etre-grace-au-voyage-interieur\\\/\"]}]},{\"@type\":\"ImageObject\",\"inLanguage\":\"fr-FR\",\"@id\":\"https:\\\/\\\/www.psychologies.be\\\/fr\\\/adresse\\\/embarquez-vers-votre-bien-etre-grace-au-voyage-interieur\\\/#primaryimage\",\"url\":\"https:\\\/\\\/www.psychologies.be\\\/fr\\\/wp-content\\\/uploads\\\/2020\\\/01\\\/psycho_levoyageinterieur.jpg\",\"contentUrl\":\"https:\\\/\\\/www.psychologies.be\\\/fr\\\/wp-content\\\/uploads\\\/2020\\\/01\\\/psycho_levoyageinterieur.jpg\",\"width\":690,\"height\":362,\"caption\":\"psychovoyageinterieur\"},{\"@type\":\"BreadcrumbList\",\"@id\":\"https:\\\/\\\/www.psychologies.be\\\/fr\\\/adresse\\\/embarquez-vers-votre-bien-etre-grace-au-voyage-interieur\\\/#breadcrumb\",\"itemListElement\":[{\"@type\":\"ListItem\",\"position\":1,\"name\":\"Home\",\"item\":\"https:\\\/\\\/www.psychologies.be\\\/fr\\\/\"},{\"@type\":\"ListItem\",\"position\":2,\"name\":\"Adresses\",\"item\":\"https:\\\/\\\/www.psychologies.be\\\/fr\\\/adresse\\\/\"},{\"@type\":\"ListItem\",\"position\":3,\"name\":\"Embarquez vers votre bien-\u00eatre gr\u00e2ce au Voyage Int\u00e9rieur\"}]},{\"@type\":\"WebSite\",\"@id\":\"https:\\\/\\\/www.psychologies.be\\\/fr\\\/#website\",\"url\":\"https:\\\/\\\/www.psychologies.be\\\/fr\\\/\",\"name\":\"Psychologies Belgique\",\"description\":\"Psychologie, mieux se conna\u00eetre pour mieux vivre sa vie\",\"publisher\":{\"@id\":\"https:\\\/\\\/www.psychologies.be\\\/fr\\\/#organization\"},\"potentialAction\":[{\"@type\":\"SearchAction\",\"target\":{\"@type\":\"EntryPoint\",\"urlTemplate\":\"https:\\\/\\\/www.psychologies.be\\\/fr\\\/?s={search_term_string}\"},\"query-input\":{\"@type\":\"PropertyValueSpecification\",\"valueRequired\":true,\"valueName\":\"search_term_string\"}}],\"inLanguage\":\"fr-FR\"},{\"@type\":\"Organization\",\"@id\":\"https:\\\/\\\/www.psychologies.be\\\/fr\\\/#organization\",\"name\":\"Psychologies Belgique\",\"url\":\"https:\\\/\\\/www.psychologies.be\\\/fr\\\/\",\"logo\":{\"@type\":\"ImageObject\",\"inLanguage\":\"fr-FR\",\"@id\":\"https:\\\/\\\/www.psychologies.be\\\/fr\\\/#\\\/schema\\\/logo\\\/image\\\/\",\"url\":\"https:\\\/\\\/www.psychologies.be\\\/fr\\\/wp-content\\\/uploads\\\/2025\\\/03\\\/psychologies-be.png\",\"contentUrl\":\"https:\\\/\\\/www.psychologies.be\\\/fr\\\/wp-content\\\/uploads\\\/2025\\\/03\\\/psychologies-be.png\",\"width\":696,\"height\":696,\"caption\":\"Psychologies Belgique\"},\"image\":{\"@id\":\"https:\\\/\\\/www.psychologies.be\\\/fr\\\/#\\\/schema\\\/logo\\\/image\\\/\"},\"sameAs\":[\"https:\\\/\\\/www.facebook.com\\\/Psychologies\"]}]}<\/script>\n<!-- \/ Yoast SEO plugin. -->","yoast_head_json":{"title":"Embarquez vers votre bien-\u00eatre gr\u00e2ce au Voyage Int\u00e9rieur | Psychologies Belgique","robots":{"index":"noindex","follow":"follow"},"og_locale":"fr_FR","og_type":"article","og_title":"Embarquez vers votre bien-\u00eatre gr\u00e2ce au Voyage Int\u00e9rieur | Psychologies Belgique","og_url":"https:\/\/www.psychologies.be\/fr\/adresse\/embarquez-vers-votre-bien-etre-grace-au-voyage-interieur\/","og_site_name":"Psychologies Belgique","article_publisher":"https:\/\/www.facebook.com\/Psychologies","article_modified_time":"2020-02-14T12:53:38+00:00","og_image":[{"width":690,"height":362,"url":"https:\/\/www.psychologies.be\/fr\/wp-content\/uploads\/2020\/01\/psycho_levoyageinterieur.jpg","type":"image\/jpeg"}],"twitter_card":"summary_large_image","schema":{"@context":"https:\/\/schema.org","@graph":[{"@type":"WebPage","@id":"https:\/\/www.psychologies.be\/fr\/adresse\/embarquez-vers-votre-bien-etre-grace-au-voyage-interieur\/","url":"https:\/\/www.psychologies.be\/fr\/adresse\/embarquez-vers-votre-bien-etre-grace-au-voyage-interieur\/","name":"Embarquez vers votre bien-\u00eatre gr\u00e2ce au Voyage Int\u00e9rieur | Psychologies Belgique","isPartOf":{"@id":"https:\/\/www.psychologies.be\/fr\/#website"},"primaryImageOfPage":{"@id":"https:\/\/www.psychologies.be\/fr\/adresse\/embarquez-vers-votre-bien-etre-grace-au-voyage-interieur\/#primaryimage"},"image":{"@id":"https:\/\/www.psychologies.be\/fr\/adresse\/embarquez-vers-votre-bien-etre-grace-au-voyage-interieur\/#primaryimage"},"thumbnailUrl":"https:\/\/www.psychologies.be\/fr\/wp-content\/uploads\/2020\/01\/psycho_levoyageinterieur.jpg","datePublished":"2020-02-03T13:16:00+00:00","dateModified":"2020-02-14T12:53:38+00:00","breadcrumb":{"@id":"https:\/\/www.psychologies.be\/fr\/adresse\/embarquez-vers-votre-bien-etre-grace-au-voyage-interieur\/#breadcrumb"},"inLanguage":"fr-FR","potentialAction":[{"@type":"ReadAction","target":["https:\/\/www.psychologies.be\/fr\/adresse\/embarquez-vers-votre-bien-etre-grace-au-voyage-interieur\/"]}]},{"@type":"ImageObject","inLanguage":"fr-FR","@id":"https:\/\/www.psychologies.be\/fr\/adresse\/embarquez-vers-votre-bien-etre-grace-au-voyage-interieur\/#primaryimage","url":"https:\/\/www.psychologies.be\/fr\/wp-content\/uploads\/2020\/01\/psycho_levoyageinterieur.jpg","contentUrl":"https:\/\/www.psychologies.be\/fr\/wp-content\/uploads\/2020\/01\/psycho_levoyageinterieur.jpg","width":690,"height":362,"caption":"psychovoyageinterieur"},{"@type":"BreadcrumbList","@id":"https:\/\/www.psychologies.be\/fr\/adresse\/embarquez-vers-votre-bien-etre-grace-au-voyage-interieur\/#breadcrumb","itemListElement":[{"@type":"ListItem","position":1,"name":"Home","item":"https:\/\/www.psychologies.be\/fr\/"},{"@type":"ListItem","position":2,"name":"Adresses","item":"https:\/\/www.psychologies.be\/fr\/adresse\/"},{"@type":"ListItem","position":3,"name":"Embarquez vers votre bien-\u00eatre gr\u00e2ce au Voyage Int\u00e9rieur"}]},{"@type":"WebSite","@id":"https:\/\/www.psychologies.be\/fr\/#website","url":"https:\/\/www.psychologies.be\/fr\/","name":"Psychologies Belgique","description":"Psychologie, mieux se conna\u00eetre pour mieux vivre sa vie","publisher":{"@id":"https:\/\/www.psychologies.be\/fr\/#organization"},"potentialAction":[{"@type":"SearchAction","target":{"@type":"EntryPoint","urlTemplate":"https:\/\/www.psychologies.be\/fr\/?s={search_term_string}"},"query-input":{"@type":"PropertyValueSpecification","valueRequired":true,"valueName":"search_term_string"}}],"inLanguage":"fr-FR"},{"@type":"Organization","@id":"https:\/\/www.psychologies.be\/fr\/#organization","name":"Psychologies Belgique","url":"https:\/\/www.psychologies.be\/fr\/","logo":{"@type":"ImageObject","inLanguage":"fr-FR","@id":"https:\/\/www.psychologies.be\/fr\/#\/schema\/logo\/image\/","url":"https:\/\/www.psychologies.be\/fr\/wp-content\/uploads\/2025\/03\/psychologies-be.png","contentUrl":"https:\/\/www.psychologies.be\/fr\/wp-content\/uploads\/2025\/03\/psychologies-be.png","width":696,"height":696,"caption":"Psychologies Belgique"},"image":{"@id":"https:\/\/www.psychologies.be\/fr\/#\/schema\/logo\/image\/"},"sameAs":["https:\/\/www.facebook.com\/Psychologies"]}]}},"_links":{"self":[{"href":"https:\/\/www.psychologies.be\/fr\/wp-json\/wp\/v2\/adresses-api\/8313","targetHints":{"allow":["GET"]}}],"collection":[{"href":"https:\/\/www.psychologies.be\/fr\/wp-json\/wp\/v2\/adresses-api"}],"about":[{"href":"https:\/\/www.psychologies.be\/fr\/wp-json\/wp\/v2\/types\/adresse"}],"author":[{"embeddable":true,"href":"https:\/\/www.psychologies.be\/fr\/wp-json\/wp\/v2\/users\/22"}],"version-history":[{"count":0,"href":"https:\/\/www.psychologies.be\/fr\/wp-json\/wp\/v2\/adresses-api\/8313\/revisions"}],"wp:featuredmedia":[{"embeddable":true,"href":"https:\/\/www.psychologies.be\/fr\/wp-json\/wp\/v2\/media\/8314"}],"wp:attachment":[{"href":"https:\/\/www.psychologies.be\/fr\/wp-json\/wp\/v2\/media?parent=8313"}],"curies":[{"name":"wp","href":"https:\/\/api.w.org\/{rel}","templated":true}]}}

Embarquez vers votre bien-être grâce au Voyage Intérieur

<p>Durant une journée ou un week-end, venez (re)découvrir les bienfaits du toucher et apprendre à cuisiner les plantes sauvages médicinales comestibles de nos régions pour bénéficier de leurs innombrables vertus.</p>
<p><strong>QUOI ? </strong>Dès le mois d’avril, pour dégager la grisaille de l’hiver et retrouver votre lumière intérieure, il ne sera pas nécessaire de vous envoler pour des terres plus ensoleillées. Au printemps, nous vous proposons de (re)découvrir la force bienfaitrice de la stimulation de vos sens et des végétaux de nos régions aux vertus médicinales.</p>
<p><strong>AVEC QUI ? </strong>Passionnée par les bienfaits des plantes sauvages et la cuisine saine, <strong>Isabelle Slinckx</strong> est praticienne en thérapie psycho-corporelle et formée en Relation d&#8217;aide par le toucher et en gestion des traumatismes.</p>
<p><strong>OÙ ET QUAND ?</strong> À Hamme-Mille les samedis <strong>25 avril</strong>, <strong>2 mai</strong>, <strong>30 mai</strong>, <strong>27 juin</strong>, <strong>18 juillet</strong>, <strong>12 septembre</strong> et <strong>10 octobre</strong> 2020, de <strong>15 à 20h</strong>.</p>
<p><strong>CONTACT ET INSCRIPTIONS : </strong></p>
<ul>
<li>Tél. : 0498 80 37 63</li>
<li>Mail : isabellevoyageinterieur@gmail.com</li>
<li>Page <a href="https://www.facebook.com/levoyageinterieurdisabelle" target="_blank" rel="noopener">Facebook</a></li>
</ul>
<p>&nbsp;</p>

Durant une journée ou un week-end, venez (re)découvrir les bienfaits du toucher et apprendre à cuisiner les plantes sauvages médicinales comestibles de nos régions pour bénéficier de leurs innombrables vertus.

Le voyage intérieur

<!-- This site is optimized with the Yoast SEO plugin v27.3 - https://yoast.com/product/yoast-seo-wordpress/ -->
<title>Embarquez vers votre bien-être grâce au Voyage Intérieur | Psychologies Belgique</title>
<meta name="robots" content="noindex, follow" />
<meta property="og:locale" content="fr_FR" />
<meta property="og:type" content="article" />
<meta property="og:title" content="Embarquez vers votre bien-être grâce au Voyage Intérieur | Psychologies Belgique" />
<meta property="og:url" content="https://www.psychologies.be/fr/adresse/embarquez-vers-votre-bien-etre-grace-au-voyage-interieur/" />
<meta property="og:site_name" content="Psychologies Belgique" />
<meta property="article:publisher" content="https://www.facebook.com/Psychologies" />
<meta property="article:modified_time" content="2020-02-14T12:53:38+00:00" />
<meta property="og:image" content="https://www.psychologies.be/fr/wp-content/uploads/2020/01/psycho_levoyageinterieur.jpg" />
	<meta property="og:image:width" content="690" />
	<meta property="og:image:height" content="362" />
	<meta property="og:image:type" content="image/jpeg" />
<meta name="twitter:card" content="summary_large_image" />
<script type="application/ld+json" class="yoast-schema-graph">{"@context":"https:\/\/schema.org","@graph":[{"@type":"WebPage","@id":"https:\/\/www.psychologies.be\/fr\/adresse\/embarquez-vers-votre-bien-etre-grace-au-voyage-interieur\/","url":"https:\/\/www.psychologies.be\/fr\/adresse\/embarquez-vers-votre-bien-etre-grace-au-voyage-interieur\/","name":"Embarquez vers votre bien-être grâce au Voyage Intérieur | Psychologies Belgique","isPartOf":{"@id":"https:\/\/www.psychologies.be\/fr\/#website"},"primaryImageOfPage":{"@id":"https:\/\/www.psychologies.be\/fr\/adresse\/embarquez-vers-votre-bien-etre-grace-au-voyage-interieur\/#primaryimage"},"image":{"@id":"https:\/\/www.psychologies.be\/fr\/adresse\/embarquez-vers-votre-bien-etre-grace-au-voyage-interieur\/#primaryimage"},"thumbnailUrl":"https:\/\/www.psychologies.be\/fr\/wp-content\/uploads\/2020\/01\/psycho_levoyageinterieur.jpg","datePublished":"2020-02-03T13:16:00+00:00","dateModified":"2020-02-14T12:53:38+00:00","breadcrumb":{"@id":"https:\/\/www.psychologies.be\/fr\/adresse\/embarquez-vers-votre-bien-etre-grace-au-voyage-interieur\/#breadcrumb"},"inLanguage":"fr-FR","potentialAction":[{"@type":"ReadAction","target":["https:\/\/www.psychologies.be\/fr\/adresse\/embarquez-vers-votre-bien-etre-grace-au-voyage-interieur\/"]}]},{"@type":"ImageObject","inLanguage":"fr-FR","@id":"https:\/\/www.psychologies.be\/fr\/adresse\/embarquez-vers-votre-bien-etre-grace-au-voyage-interieur\/#primaryimage","url":"https:\/\/www.psychologies.be\/fr\/wp-content\/uploads\/2020\/01\/psycho_levoyageinterieur.jpg","contentUrl":"https:\/\/www.psychologies.be\/fr\/wp-content\/uploads\/2020\/01\/psycho_levoyageinterieur.jpg","width":690,"height":362,"caption":"psychovoyageinterieur"},{"@type":"BreadcrumbList","@id":"https:\/\/www.psychologies.be\/fr\/adresse\/embarquez-vers-votre-bien-etre-grace-au-voyage-interieur\/#breadcrumb","itemListElement":[{"@type":"ListItem","position":1,"name":"Home","item":"https:\/\/www.psychologies.be\/fr\/"},{"@type":"ListItem","position":2,"name":"Adresses","item":"https:\/\/www.psychologies.be\/fr\/adresse\/"},{"@type":"ListItem","position":3,"name":"Embarquez vers votre bien-être grâce au Voyage Intérieur"}]},{"@type":"WebSite","@id":"https:\/\/www.psychologies.be\/fr\/#website","url":"https:\/\/www.psychologies.be\/fr\/","name":"Psychologies Belgique","description":"Psychologie, mieux se connaître pour mieux vivre sa vie","publisher":{"@id":"https:\/\/www.psychologies.be\/fr\/#organization"},"potentialAction":[{"@type":"SearchAction","target":{"@type":"EntryPoint","urlTemplate":"https:\/\/www.psychologies.be\/fr\/?s={search_term_string}"},"query-input":{"@type":"PropertyValueSpecification","valueRequired":true,"valueName":"search_term_string"}}],"inLanguage":"fr-FR"},{"@type":"Organization","@id":"https:\/\/www.psychologies.be\/fr\/#organization","name":"Psychologies Belgique","url":"https:\/\/www.psychologies.be\/fr\/","logo":{"@type":"ImageObject","inLanguage":"fr-FR","@id":"https:\/\/www.psychologies.be\/fr\/#\/schema\/logo\/image\/","url":"https:\/\/www.psychologies.be\/fr\/wp-content\/uploads\/2025\/03\/psychologies-be.png","contentUrl":"https:\/\/www.psychologies.be\/fr\/wp-content\/uploads\/2025\/03\/psychologies-be.png","width":696,"height":696,"caption":"Psychologies Belgique"},"image":{"@id":"https:\/\/www.psychologies.be\/fr\/#\/schema\/logo\/image\/"},"sameAs":["https:\/\/www.facebook.com\/Psychologies"]}]}</script>
<!-- / Yoast SEO plugin. -->

Embarquez vers votre bien-être grâce au Voyage Intérieur | Psychologies Belgique

Psychologie, mieux se connaître pour mieux vivre sa vie
